{"id":235437,"date":"2024-07-25T11:21:01","date_gmt":"2024-07-25T16:21:01","guid":{"rendered":"https:\/\/utelvt.edu.ec\/admision\/?page_id=235437"},"modified":"2024-07-25T13:44:06","modified_gmt":"2024-07-25T18:44:06","slug":"nosotros","status":"publish","type":"page","link":"https:\/\/utelvt.edu.ec\/admision\/nosotros\/","title":{"rendered":"NOSOTROS"},"content":{"rendered":"<p>[et_pb_section fb_built=\u00bb1&#8243; custom_padding_last_edited=\u00bboff|desktop\u00bb admin_label=\u00bbHero\u00bb _builder_version=\u00bb4.16&#8243; background_color=\u00bb#f8f7fc\u00bb background_color_gradient_direction=\u00bb60deg\u00bb custom_padding=\u00bb100px|0px||\u00bb global_colors_info=\u00bb{}\u00bb theme_builder_area=\u00bbpost_content\u00bb][et_pb_row _builder_version=\u00bb4.16&#8243; custom_padding=\u00bb|||\u00bb global_colors_info=\u00bb{}\u00bb theme_builder_area=\u00bbpost_content\u00bb][et_pb_column type=\u00bb4_4&#8243; _builder_version=\u00bb4.16&#8243; custom_padding=\u00bb|||\u00bb global_colors_info=\u00bb{}\u00bb custom_padding__hover=\u00bb|||\u00bb theme_builder_area=\u00bbpost_content\u00bb][et_pb_text _builder_version=\u00bb4.27.0&#8243; text_font=\u00bbRoboto|600|||||||\u00bb text_font_size=\u00bb16px\u00bb text_line_height=\u00bb1.8em\u00bb header_font=\u00bbRoboto||||||||\u00bb header_2_font=\u00bbPoppins||||||||\u00bb header_2_font_size=\u00bb36px\u00bb header_2_line_height=\u00bb1.4em\u00bb text_orientation=\u00bbcenter\u00bb max_width=\u00bb700px\u00bb module_alignment=\u00bbcenter\u00bb hover_enabled=\u00bb0&#8243; global_colors_info=\u00bb{}\u00bb theme_builder_area=\u00bbpost_content\u00bb sticky_enabled=\u00bb0&#8243;]<\/p>\n<h2><strong>Nosotros<\/strong><\/h2>\n<p>En este apartado encontrar\u00e1s informaci\u00f3n detallada sobre nuestra instituci\u00f3n, la Universidad T\u00e9cnica Luis Vargas Torres de Esmeraldas (UTLVTE).<\/p>\n<p>[\/et_pb_text][\/et_pb_column][\/et_pb_row][\/et_pb_section][et_pb_section fb_built=\u00bb1&#8243; admin_label=\u00bbContact form field\u00bb _builder_version=\u00bb4.16&#8243; background_color=\u00bb#f8f7fc\u00bb custom_margin=\u00bb|||\u00bb custom_padding=\u00bb||100px|\u00bb global_colors_info=\u00bb{}\u00bb theme_builder_area=\u00bbpost_content\u00bb][et_pb_row column_structure=\u00bb1_2,1_2&#8243; _builder_version=\u00bb4.25.1&#8243; _module_preset=\u00bbdefault\u00bb global_colors_info=\u00bb{}\u00bb theme_builder_area=\u00bbpost_content\u00bb][et_pb_column type=\u00bb1_2&#8243; _builder_version=\u00bb4.25.1&#8243; _module_preset=\u00bbdefault\u00bb global_colors_info=\u00bb{}\u00bb theme_builder_area=\u00bbpost_content\u00bb][et_pb_text _builder_version=\u00bb4.27.0&#8243; text_font=\u00bbRoboto|600|||||||\u00bb text_font_size=\u00bb16px\u00bb text_line_height=\u00bb1.8em\u00bb header_font=\u00bbRoboto||||||||\u00bb header_2_font=\u00bbPoppins||||||||\u00bb header_2_font_size=\u00bb36px\u00bb header_2_line_height=\u00bb1.4em\u00bb text_orientation=\u00bbcenter\u00bb max_width=\u00bb700px\u00bb module_alignment=\u00bbcenter\u00bb hover_enabled=\u00bb0&#8243; global_colors_info=\u00bb{}\u00bb theme_builder_area=\u00bbpost_content\u00bb sticky_enabled=\u00bb0&#8243;]<\/p>\n<h2><strong>Qui\u00e9nes Somos<\/strong><\/h2>\n<p style=\"text-align: justify;\">La Universidad T\u00e9cnica Luis Vargas Torres de Esmeraldas (UTLVTE) es una instituci\u00f3n de educaci\u00f3n superior comprometida con la excelencia acad\u00e9mica y el desarrollo integral de nuestros estudiantes. Ubicados en Esmeraldas, ofrecemos una formaci\u00f3n de calidad en diversas \u00e1reas del conocimiento, promoviendo la investigaci\u00f3n, la inclusi\u00f3n y la responsabilidad social. Nuestra misi\u00f3n es preparar profesionales competentes y comprometidos con el progreso de la regi\u00f3n y del pa\u00eds.<\/p>\n<p>[\/et_pb_text][\/et_pb_column][et_pb_column type=\u00bb1_2&#8243; _builder_version=\u00bb4.25.1&#8243; _module_preset=\u00bbdefault\u00bb global_colors_info=\u00bb{}\u00bb theme_builder_area=\u00bbpost_content\u00bb][ba_image_carousel slide_count=\u00bb1&#8243; nav_height=\u00bb48px\u00bb nav_width=\u00bb48px\u00bb nav_color=\u00bbRGBA(255,255,255,0)\u00bb nav_bg=\u00bbRGBA(255,255,255,0)\u00bb icon_left=\u00bb&#xf104;||fa||900&#8243; icon_right=\u00bb&#xf105;||fa||900&#8243; content_alignment=\u00bbcenter\u00bb _builder_version=\u00bb4.27.0&#8243; _module_preset=\u00bbdefault\u00bb theme_builder_area=\u00bbpost_content\u00bb border_radii=\u00bboff|||20px|20px\u00bb hover_enabled=\u00bb0&#8243; sticky_enabled=\u00bb0&#8243; custom_margin=\u00bb0px||0px||true|false\u00bb custom_padding=\u00bb0px||0px||true|false\u00bb slide_spacing=\u00bb0px\u00bb use_both_side_spacing=\u00bboff\u00bb is_infinite=\u00bboff\u00bb is_equal_height=\u00bboff\u00bb carousel_spacing_bottom=\u00bb0px\u00bb carousel_spacing_top=\u00bb0px\u00bb][ba_image_carousel_child photo=\u00bbhttps:\/\/utelvt.edu.ec\/admision\/wp-content\/uploads\/2024\/07\/Foto-de-PANORAMICA-2.jpg\u00bb _builder_version=\u00bb4.27.0&#8243; hover_enabled=\u00bb0&#8243; global_colors_info=\u00bb{}\u00bb theme_builder_area=\u00bbpost_content\u00bb title_text=\u00bbFoto-de-PANORAMICA-2&#8243; sticky_enabled=\u00bb0&#8243;][\/ba_image_carousel_child][ba_image_carousel_child _builder_version=\u00bb4.27.0&#8243; _module_preset=\u00bbdefault\u00bb theme_builder_area=\u00bbpost_content\u00bb title_text=\u00bbMUTILE-CAMPUS-FOTO-3-1-1140&#215;458&#8243; photo=\u00bbhttps:\/\/utelvt.edu.ec\/admision\/wp-content\/uploads\/2024\/07\/MUTILE-CAMPUS-FOTO-3-1-1140&#215;458-1.jpg\u00bb hover_enabled=\u00bb0&#8243; sticky_enabled=\u00bb0&#8243;][\/ba_image_carousel_child][ba_image_carousel_child _builder_version=\u00bb4.27.0&#8243; _module_preset=\u00bbdefault\u00bb theme_builder_area=\u00bbpost_content\u00bb title_text=\u00bb1-NUESTRO-CAMPUS4&#8243; photo=\u00bbhttps:\/\/utelvt.edu.ec\/admision\/wp-content\/uploads\/2024\/07\/1-NUESTRO-CAMPUS4.jpg\u00bb hover_enabled=\u00bb0&#8243; sticky_enabled=\u00bb0&#8243;][\/ba_image_carousel_child][ba_image_carousel_child _builder_version=\u00bb4.27.0&#8243; _module_preset=\u00bbdefault\u00bb theme_builder_area=\u00bbpost_content\u00bb title_text=\u00bbqs1&#8243; photo=\u00bbhttps:\/\/utelvt.edu.ec\/admision\/wp-content\/uploads\/2024\/07\/qs1.jpg\u00bb hover_enabled=\u00bb0&#8243; sticky_enabled=\u00bb0&#8243;][\/ba_image_carousel_child][ba_image_carousel_child _builder_version=\u00bb4.27.0&#8243; _module_preset=\u00bbdefault\u00bb theme_builder_area=\u00bbpost_content\u00bb title_text=\u00bbEstudiantees-\u00bb photo=\u00bbhttps:\/\/utelvt.edu.ec\/admision\/wp-content\/uploads\/2024\/07\/Estudiantees-.jpg\u00bb hover_enabled=\u00bb0&#8243; sticky_enabled=\u00bb0&#8243;][\/ba_image_carousel_child][\/ba_image_carousel][\/et_pb_column][\/et_pb_row][et_pb_row _builder_version=\u00bb4.27.0&#8243; _module_preset=\u00bbdefault\u00bb theme_builder_area=\u00bbpost_content\u00bb][et_pb_column _builder_version=\u00bb4.27.0&#8243; _module_preset=\u00bbdefault\u00bb type=\u00bb4_4&#8243; theme_builder_area=\u00bbpost_content\u00bb][et_pb_divider _builder_version=\u00bb4.27.0&#8243; _module_preset=\u00bbdefault\u00bb theme_builder_area=\u00bbpost_content\u00bb hover_enabled=\u00bb0&#8243; sticky_enabled=\u00bb0&#8243;][\/et_pb_divider][\/et_pb_column][\/et_pb_row][et_pb_row column_structure=\u00bb1_2,1_2&#8243; _builder_version=\u00bb4.25.1&#8243; _module_preset=\u00bbdefault\u00bb global_colors_info=\u00bb{}\u00bb theme_builder_area=\u00bbpost_content\u00bb][et_pb_column type=\u00bb1_2&#8243; _builder_version=\u00bb4.25.1&#8243; _module_preset=\u00bbdefault\u00bb global_colors_info=\u00bb{}\u00bb theme_builder_area=\u00bbpost_content\u00bb][ba_image_carousel slide_count=\u00bb1&#8243; nav_height=\u00bb48px\u00bb nav_width=\u00bb48px\u00bb nav_color=\u00bbRGBA(255,255,255,0)\u00bb nav_bg=\u00bbRGBA(255,255,255,0)\u00bb icon_left=\u00bb&#xf104;||fa||900&#8243; icon_right=\u00bb&#xf105;||fa||900&#8243; content_alignment=\u00bbcenter\u00bb _builder_version=\u00bb4.27.0&#8243; _module_preset=\u00bbdefault\u00bb theme_builder_area=\u00bbpost_content\u00bb border_radii=\u00bboff|||20px|20px\u00bb hover_enabled=\u00bb0&#8243; sticky_enabled=\u00bb0&#8243; custom_margin=\u00bb0px||0px||false|false\u00bb custom_padding=\u00bb84px||0px||false|false\u00bb slide_spacing=\u00bb0px\u00bb use_both_side_spacing=\u00bboff\u00bb is_infinite=\u00bboff\u00bb is_equal_height=\u00bboff\u00bb carousel_spacing_bottom=\u00bb0px\u00bb carousel_spacing_top=\u00bb0px\u00bb custom_padding_last_edited=\u00bbon|phone\u00bb custom_padding_tablet=\u00bb0px||||false|false\u00bb custom_padding_phone=\u00bb0px||||false|false\u00bb][ba_image_carousel_child photo=\u00bbhttps:\/\/utelvt.edu.ec\/admision\/wp-content\/uploads\/2024\/07\/IMG_8011.jpg\u00bb _builder_version=\u00bb4.27.0&#8243; hover_enabled=\u00bb0&#8243; global_colors_info=\u00bb{}\u00bb theme_builder_area=\u00bbpost_content\u00bb title_text=\u00bbIMG_8011&#8243; sticky_enabled=\u00bb0&#8243;][\/ba_image_carousel_child][ba_image_carousel_child _builder_version=\u00bb4.27.0&#8243; _module_preset=\u00bbdefault\u00bb theme_builder_area=\u00bbpost_content\u00bb title_text=\u00bbweb_1682464957&#8243; photo=\u00bbhttps:\/\/utelvt.edu.ec\/admision\/wp-content\/uploads\/2024\/07\/web_1682464957.jpg\u00bb hover_enabled=\u00bb0&#8243; sticky_enabled=\u00bb0&#8243;][\/ba_image_carousel_child][ba_image_carousel_child _builder_version=\u00bb4.27.0&#8243; _module_preset=\u00bbdefault\u00bb theme_builder_area=\u00bbpost_content\u00bb title_text=\u00bb4455&#8243; photo=\u00bbhttps:\/\/utelvt.edu.ec\/admision\/wp-content\/uploads\/2024\/07\/4455.jpg\u00bb hover_enabled=\u00bb0&#8243; sticky_enabled=\u00bb0&#8243;][\/ba_image_carousel_child][ba_image_carousel_child _builder_version=\u00bb4.27.0&#8243; _module_preset=\u00bbdefault\u00bb theme_builder_area=\u00bbpost_content\u00bb title_text=\u00bb450388014_798144815757226_176765074122238038_n\u00bb photo=\u00bbhttps:\/\/utelvt.edu.ec\/admision\/wp-content\/uploads\/2024\/07\/450388014_798144815757226_176765074122238038_n.jpg\u00bb hover_enabled=\u00bb0&#8243; sticky_enabled=\u00bb0&#8243;][\/ba_image_carousel_child][ba_image_carousel_child _builder_version=\u00bb4.27.0&#8243; _module_preset=\u00bbdefault\u00bb theme_builder_area=\u00bbpost_content\u00bb title_text=\u00bb685&#8243; photo=\u00bbhttps:\/\/utelvt.edu.ec\/admision\/wp-content\/uploads\/2024\/07\/685.jpg\u00bb hover_enabled=\u00bb0&#8243; sticky_enabled=\u00bb0&#8243;][\/ba_image_carousel_child][ba_image_carousel_child _builder_version=\u00bb4.27.0&#8243; _module_preset=\u00bbdefault\u00bb theme_builder_area=\u00bbpost_content\u00bb title_text=\u00bb45454&#8243; photo=\u00bbhttps:\/\/utelvt.edu.ec\/admision\/wp-content\/uploads\/2024\/07\/45454.jpg\u00bb hover_enabled=\u00bb0&#8243; sticky_enabled=\u00bb0&#8243;][\/ba_image_carousel_child][ba_image_carousel_child _builder_version=\u00bb4.27.0&#8243; _module_preset=\u00bbdefault\u00bb theme_builder_area=\u00bbpost_content\u00bb title_text=\u00bbasqs\u00bb photo=\u00bbhttps:\/\/utelvt.edu.ec\/admision\/wp-content\/uploads\/2024\/07\/asqs.jpg\u00bb hover_enabled=\u00bb0&#8243; sticky_enabled=\u00bb0&#8243;][\/ba_image_carousel_child][\/ba_image_carousel][\/et_pb_column][et_pb_column type=\u00bb1_2&#8243; _builder_version=\u00bb4.25.1&#8243; _module_preset=\u00bbdefault\u00bb global_colors_info=\u00bb{}\u00bb theme_builder_area=\u00bbpost_content\u00bb][et_pb_text _builder_version=\u00bb4.27.0&#8243; text_font=\u00bbRoboto|600|||||||\u00bb text_font_size=\u00bb16px\u00bb text_line_height=\u00bb1.8em\u00bb header_font=\u00bbRoboto||||||||\u00bb header_2_font=\u00bbPoppins||||||||\u00bb header_2_font_size=\u00bb36px\u00bb header_2_line_height=\u00bb1.4em\u00bb text_orientation=\u00bbcenter\u00bb max_width=\u00bb700px\u00bb module_alignment=\u00bbcenter\u00bb hover_enabled=\u00bb0&#8243; global_colors_info=\u00bb{}\u00bb theme_builder_area=\u00bbpost_content\u00bb sticky_enabled=\u00bb0&#8243; custom_margin=\u00bb||||false|false\u00bb]<\/p>\n<h2><strong>Nuestro P\u00fablico Meta<\/strong><\/h2>\n<ul><\/ul>\n<p>[\/et_pb_text][et_pb_accordion _builder_version=\u00bb4.27.0&#8243; _module_preset=\u00bbdefault\u00bb theme_builder_area=\u00bbpost_content\u00bb hover_enabled=\u00bb0&#8243; sticky_enabled=\u00bb0&#8243; custom_margin=\u00bb-30px||||false|false\u00bb][et_pb_accordion_item title=\u00bbEstudiantes de Bachillerato:\u00bb _builder_version=\u00bb4.27.0&#8243; _module_preset=\u00bbdefault\u00bb theme_builder_area=\u00bbpost_content\u00bb open=\u00bboff\u00bb hover_enabled=\u00bb0&#8243; sticky_enabled=\u00bb0&#8243;]<\/p>\n<p>J\u00f3venes que buscan ingresar a la educaci\u00f3n superior para continuar su formaci\u00f3n acad\u00e9mica.<\/p>\n<p>[\/et_pb_accordion_item][et_pb_accordion_item title=\u00bbProfesionales en Formaci\u00f3n Continua: \u00bb _builder_version=\u00bb4.27.0&#8243; _module_preset=\u00bbdefault\u00bb theme_builder_area=\u00bbpost_content\u00bb open=\u00bbon\u00bb hover_enabled=\u00bb0&#8243; sticky_enabled=\u00bb0&#8243;]<\/p>\n<p>Personas que desean actualizar sus conocimientos o especializarse en \u00e1reas espec\u00edficas para avanzar en sus carreras.<\/p>\n<p>[\/et_pb_accordion_item][et_pb_accordion_item title=\u00bbInvestigadores y Acad\u00e9micos: \u00bb _builder_version=\u00bb4.27.0&#8243; _module_preset=\u00bbdefault\u00bb theme_builder_area=\u00bbpost_content\u00bb hover_enabled=\u00bb0&#8243; sticky_enabled=\u00bb0&#8243; open=\u00bboff\u00bb]<\/p>\n<p>Individuos interesados en realizar investigaciones y contribuir al desarrollo del conocimiento en sus campos de estudio.<\/p>\n<p>[\/et_pb_accordion_item][et_pb_accordion_item title=\u00bbEmpresas y Organizaciones: \u00bb _builder_version=\u00bb4.27.0&#8243; _module_preset=\u00bbdefault\u00bb theme_builder_area=\u00bbpost_content\u00bb hover_enabled=\u00bb0&#8243; sticky_enabled=\u00bb0&#8243; open=\u00bboff\u00bb]<\/p>\n<p>Entidades que colaboran con la universidad en proyectos de investigaci\u00f3n, pr\u00e1cticas profesionales y formaci\u00f3n especializada para sus empleados.<\/p>\n<p>[\/et_pb_accordion_item][\/et_pb_accordion][\/et_pb_column][\/et_pb_row][et_pb_row _builder_version=\u00bb4.27.0&#8243; _module_preset=\u00bbdefault\u00bb theme_builder_area=\u00bbpost_content\u00bb][et_pb_column _builder_version=\u00bb4.27.0&#8243; _module_preset=\u00bbdefault\u00bb type=\u00bb4_4&#8243; theme_builder_area=\u00bbpost_content\u00bb][et_pb_divider _builder_version=\u00bb4.27.0&#8243; _module_preset=\u00bbdefault\u00bb theme_builder_area=\u00bbpost_content\u00bb hover_enabled=\u00bb0&#8243; sticky_enabled=\u00bb0&#8243;][\/et_pb_divider][\/et_pb_column][\/et_pb_row][et_pb_row _builder_version=\u00bb4.25.1&#8243; _module_preset=\u00bbdefault\u00bb global_colors_info=\u00bb{}\u00bb theme_builder_area=\u00bbpost_content\u00bb][et_pb_column type=\u00bb4_4&#8243; _builder_version=\u00bb4.25.1&#8243; _module_preset=\u00bbdefault\u00bb global_colors_info=\u00bb{}\u00bb theme_builder_area=\u00bbpost_content\u00bb][et_pb_text _builder_version=\u00bb4.27.0&#8243; text_font=\u00bbRoboto|600|||||||\u00bb text_font_size=\u00bb16px\u00bb text_line_height=\u00bb1.8em\u00bb header_font=\u00bbRoboto||||||||\u00bb header_2_font=\u00bbPoppins||||||||\u00bb header_2_font_size=\u00bb36px\u00bb header_2_line_height=\u00bb1.4em\u00bb text_orientation=\u00bbcenter\u00bb max_width=\u00bb700px\u00bb module_alignment=\u00bbcenter\u00bb hover_enabled=\u00bb0&#8243; global_colors_info=\u00bb{}\u00bb theme_builder_area=\u00bbpost_content\u00bb sticky_enabled=\u00bb0&#8243;]<\/p>\n<h2><strong>Nuestros Objetivos<\/strong><\/h2>\n<p>[\/et_pb_text][et_pb_accordion _builder_version=\u00bb4.27.0&#8243; _module_preset=\u00bbdefault\u00bb theme_builder_area=\u00bbpost_content\u00bb hover_enabled=\u00bb0&#8243; sticky_enabled=\u00bb0&#8243;][et_pb_accordion_item title=\u00bbExcelencia Acad\u00e9mica:\u00bb _builder_version=\u00bb4.27.0&#8243; _module_preset=\u00bbdefault\u00bb theme_builder_area=\u00bbpost_content\u00bb open=\u00bbon\u00bb hover_enabled=\u00bb0&#8243; sticky_enabled=\u00bb0&#8243;]<\/p>\n<p>Ofrecer una educaci\u00f3n de alta calidad que fomente el pensamiento cr\u00edtico y la innovaci\u00f3n.<\/p>\n<p>[\/et_pb_accordion_item][et_pb_accordion_item title=\u00bbInvestigaci\u00f3n y Desarrollo:\u00bb _builder_version=\u00bb4.27.0&#8243; _module_preset=\u00bbdefault\u00bb theme_builder_area=\u00bbpost_content\u00bb open=\u00bboff\u00bb hover_enabled=\u00bb0&#8243; sticky_enabled=\u00bb0&#8243;]<\/p>\n<p>Impulsar la generaci\u00f3n de conocimiento y soluciones que contribuyan al desarrollo sostenible.<\/p>\n<p>[\/et_pb_accordion_item][et_pb_accordion_item title=\u00bbInclusi\u00f3n y Equidad:\u00bb _builder_version=\u00bb4.27.0&#8243; _module_preset=\u00bbdefault\u00bb theme_builder_area=\u00bbpost_content\u00bb hover_enabled=\u00bb0&#8243; sticky_enabled=\u00bb0&#8243;]<\/p>\n<p>Garantizar oportunidades educativas para todos, promoviendo la igualdad de acceso y trato.<\/p>\n<p>[\/et_pb_accordion_item][et_pb_accordion_item title=\u00bbVinculaci\u00f3n con la Comunidad:\u00bb _builder_version=\u00bb4.27.0&#8243; _module_preset=\u00bbdefault\u00bb theme_builder_area=\u00bbpost_content\u00bb hover_enabled=\u00bb0&#8243; sticky_enabled=\u00bb0&#8243;]<\/p>\n<p>Colaborar con el sector productivo y la sociedad para mejorar la calidad de vida regional.<\/p>\n<p>[\/et_pb_accordion_item][et_pb_accordion_item title=\u00bbDesarrollo Integral del Estudiante: \u00bb _builder_version=\u00bb4.27.0&#8243; _module_preset=\u00bbdefault\u00bb theme_builder_area=\u00bbpost_content\u00bb hover_enabled=\u00bb0&#8243; sticky_enabled=\u00bb0&#8243;]<\/p>\n<p>Formar profesionales con habilidades acad\u00e9micas, \u00e9ticas y sociales completas.<\/p>\n<p>[\/et_pb_accordion_item][et_pb_accordion_item title=\u00bbInnovaci\u00f3n Educativa:\u00bb _builder_version=\u00bb4.27.0&#8243; _module_preset=\u00bbdefault\u00bb theme_builder_area=\u00bbpost_content\u00bb hover_enabled=\u00bb0&#8243; sticky_enabled=\u00bb0&#8243;]<\/p>\n<p>Integrar tecnolog\u00edas y m\u00e9todos modernos en la ense\u00f1anza y el aprendizaje.<\/p>\n<p>[\/et_pb_accordion_item][et_pb_accordion_item title=\u00bbResponsabilidad Ambiental:\u00bb _builder_version=\u00bb4.27.0&#8243; _module_preset=\u00bbdefault\u00bb theme_builder_area=\u00bbpost_content\u00bb hover_enabled=\u00bb0&#8243; sticky_enabled=\u00bb0&#8243;]<\/p>\n<p>Promover pr\u00e1cticas sostenibles y educaci\u00f3n en temas ambientales.<\/p>\n<p>[\/et_pb_accordion_item][\/et_pb_accordion][\/et_pb_column][\/et_pb_row][\/et_pb_section]<\/p>\n","protected":false},"excerpt":{"rendered":"<p>Nosotros En este apartado encontrar\u00e1s informaci\u00f3n detallada sobre nuestra instituci\u00f3n, la Universidad T\u00e9cnica Luis Vargas Torres de Esmeraldas (UTLVTE).Qui\u00e9nes Somos La Universidad T\u00e9cnica Luis Vargas Torres de Esmeraldas (UTLVTE) es una instituci\u00f3n de educaci\u00f3n superior comprometida con la excelencia acad\u00e9mica y el desarrollo integral de nuestros estudiantes. Ubicados en Esmeraldas, ofrecemos una formaci\u00f3n de calidad [&hellip;]<\/p>\n","protected":false},"author":9,"featured_media":0,"parent":0,"menu_order":0,"comment_status":"closed","ping_status":"closed","template":"","meta":{"_et_pb_use_builder":"on","_et_pb_old_content":"","_et_gb_content_width":"","footnotes":""},"class_list":["post-235437","page","type-page","status-publish","hentry"],"_links":{"self":[{"href":"https:\/\/utelvt.edu.ec\/admision\/wp-json\/wp\/v2\/pages\/235437","targetHints":{"allow":["GET"]}}],"collection":[{"href":"https:\/\/utelvt.edu.ec\/admision\/wp-json\/wp\/v2\/pages"}],"about":[{"href":"https:\/\/utelvt.edu.ec\/admision\/wp-json\/wp\/v2\/types\/page"}],"author":[{"embeddable":true,"href":"https:\/\/utelvt.edu.ec\/admision\/wp-json\/wp\/v2\/users\/9"}],"replies":[{"embeddable":true,"href":"https:\/\/utelvt.edu.ec\/admision\/wp-json\/wp\/v2\/comments?post=235437"}],"version-history":[{"count":20,"href":"https:\/\/utelvt.edu.ec\/admision\/wp-json\/wp\/v2\/pages\/235437\/revisions"}],"predecessor-version":[{"id":235480,"href":"https:\/\/utelvt.edu.ec\/admision\/wp-json\/wp\/v2\/pages\/235437\/revisions\/235480"}],"wp:attachment":[{"href":"https:\/\/utelvt.edu.ec\/admision\/wp-json\/wp\/v2\/media?parent=235437"}],"curies":[{"name":"wp","href":"https:\/\/api.w.org\/{rel}","templated":true}]}}