{"id":234547,"date":"2024-05-26T01:42:18","date_gmt":"2024-05-26T06:42:18","guid":{"rendered":"https:\/\/utelvt.edu.ec\/admision\/?page_id=234547"},"modified":"2024-05-26T01:46:06","modified_gmt":"2024-05-26T06:46:06","slug":"preguntas-frecuentes-utlvte","status":"publish","type":"page","link":"https:\/\/utelvt.edu.ec\/admision\/preguntas-frecuentes-utlvte\/","title":{"rendered":"Preguntas Frecuentes"},"content":{"rendered":"<p>[et_pb_section fb_built=\u00bb1&#8243; custom_padding_last_edited=\u00bboff|desktop\u00bb admin_label=\u00bbHero\u00bb _builder_version=\u00bb4.16&#8243; background_color=\u00bb#f8f7fc\u00bb background_color_gradient_direction=\u00bb60deg\u00bb custom_padding=\u00bb100px|0px||\u00bb global_colors_info=\u00bb{}\u00bb theme_builder_area=\u00bbpost_content\u00bb][et_pb_row _builder_version=\u00bb4.16&#8243; custom_padding=\u00bb|||\u00bb global_colors_info=\u00bb{}\u00bb theme_builder_area=\u00bbpost_content\u00bb][et_pb_column type=\u00bb4_4&#8243; _builder_version=\u00bb4.16&#8243; custom_padding=\u00bb|||\u00bb global_colors_info=\u00bb{}\u00bb custom_padding__hover=\u00bb|||\u00bb theme_builder_area=\u00bbpost_content\u00bb][et_pb_text _builder_version=\u00bb4.25.1&#8243; text_font=\u00bbRoboto|600|||||||\u00bb text_font_size=\u00bb16px\u00bb text_line_height=\u00bb1.8em\u00bb header_font=\u00bbRoboto||||||||\u00bb header_2_font=\u00bbPoppins||||||||\u00bb header_2_font_size=\u00bb36px\u00bb header_2_line_height=\u00bb1.4em\u00bb text_orientation=\u00bbcenter\u00bb max_width=\u00bb700px\u00bb module_alignment=\u00bbcenter\u00bb hover_enabled=\u00bb0&#8243; global_colors_info=\u00bb{}\u00bb theme_builder_area=\u00bbpost_content\u00bb sticky_enabled=\u00bb0&#8243;]<\/p>\n<h2><strong>Preguntas Frecuentes<\/strong><\/h2>\n<p><span>En este apartado, encontrar\u00e1s respuestas a las preguntas m\u00e1s comunes sobre la Universidad T\u00e9cnica \u00abLuis Vargas Torres\u00bb de Esmeraldas. <\/span><\/p>\n<p>[\/et_pb_text][\/et_pb_column][\/et_pb_row][et_pb_row _builder_version=\u00bb4.25.1&#8243; _module_preset=\u00bbdefault\u00bb module_alignment=\u00bbcenter\u00bb custom_margin=\u00bb40px|auto||auto||\u00bb global_colors_info=\u00bb{}\u00bb theme_builder_area=\u00bbpost_content\u00bb][et_pb_column type=\u00bb4_4&#8243; _builder_version=\u00bb4.25.1&#8243; _module_preset=\u00bbdefault\u00bb global_colors_info=\u00bb{}\u00bb theme_builder_area=\u00bbpost_content\u00bb][et_pb_accordion open_toggle_text_color=\u00bb#009029&#8243; _builder_version=\u00bb4.25.1&#8243; _module_preset=\u00bbdefault\u00bb toggle_text_color=\u00bb#009029&#8243; global_colors_info=\u00bb{}\u00bb theme_builder_area=\u00bbpost_content\u00bb][et_pb_accordion_item title=\u00bbSoy tecn\u00f3logo y quiero seguir estudiando para obtener una ingenier\u00eda, \u00bfdebo seguir el mismo procedimiento para el ingreso?\u00bb open=\u00bbon\u00bb _builder_version=\u00bb4.25.1&#8243; _module_preset=\u00bbdefault\u00bb global_colors_info=\u00bb{}\u00bb theme_builder_area=\u00bbpost_content\u00bb]<\/p>\n<p><span>Si, por favor debe realizar el mismo proceso, la primera etapa del Registro Nacional, la segunda etapa la inscripci\u00f3n y cada una de las etapas necesarias para la aceptaci\u00f3n de un cupo.<\/span><\/p>\n<p>[\/et_pb_accordion_item][et_pb_accordion_item title=\u00bbEstaba en una carrera en un Instituto por motivos de pandemia no puede titularme, pero deseo seguir una carrera en la UTLVTE Ingenier\u00eda Mec\u00e1nica espec\u00edficamente. \u00bfPuedo homologar talvez alguna materia o debo ingresar desde cero?\u00bb _builder_version=\u00bb4.25.1&#8243; _module_preset=\u00bbdefault\u00bb global_colors_info=\u00bb{}\u00bb theme_builder_area=\u00bbpost_content\u00bb open=\u00bboff\u00bb]<\/p>\n<p><span>Para realizar el proceso de homologaci\u00f3n debes participar en el proceso de admisi\u00f3n establecido por la Universidad o Escuela Polit\u00e9cnica a la que deseas ingresar, deber\u00e1s realizar la solicitud de homologaci\u00f3n en la que despu\u00e9s del an\u00e1lisis correspondiente se indicar\u00e1 si alguna de las asignaturas aprobadas pueden ser homologadas.<\/span><\/p>\n<p>[\/et_pb_accordion_item][et_pb_accordion_item title=\u00bb\u00bfSi ya ten\u00eda un cupo aceptado, si puedo realizar de igual manera el registro nacional?\u00bb _builder_version=\u00bb4.25.1&#8243; _module_preset=\u00bbdefault\u00bb global_colors_info=\u00bb{}\u00bb theme_builder_area=\u00bbpost_content\u00bb open=\u00bboff\u00bb]<\/p>\n<p><span>Si aceptaste un cupo en el per\u00edodo 2023-II y no te matriculaste con base en la normativa de la Senescyt que se\u00f1ala \u00abA fin de garantizar el acceso universal a la Educaci\u00f3n Superior, y el uso eficiente de los recursos estatales, la o el ciudadano que acepte un cupo en el periodo acad\u00e9mico en curso, no podr\u00e1 participar en el siguiente proceso de acceso. Se except\u00faan, los casos en los que las carreras no cumplan con el n\u00famero m\u00ednimo de estudiantes y por tanto no se aperturar\u00e1.\u00bb Si ese es tu caso no podr\u00e1s participar del proceso de admisi\u00f3n 2024-I.<\/span><\/p>\n<p>[\/et_pb_accordion_item][et_pb_accordion_item title=\u00bbAcabo de recibir un correo de la Secretar\u00eda de Educaci\u00f3n Superior, Ciencia, Tecnolog\u00eda e Innovaci\u00f3n en relaci\u00f3n a un cupo activo.\u00bb _builder_version=\u00bb4.25.1&#8243; _module_preset=\u00bbdefault\u00bb global_colors_info=\u00bb{}\u00bb theme_builder_area=\u00bbpost_content\u00bb open=\u00bboff\u00bb]<\/p>\n<p><span>El mensaje que recibi\u00f3 le est\u00e1n alertando que puede perder la gratuidad una vez que acepte otro cupo.<\/span><\/p>\n<p>[\/et_pb_accordion_item][et_pb_accordion_item title=\u00bb\u00bfC\u00f3mo saber si realic\u00e9 la inscripci\u00f3n?\u00bb _builder_version=\u00bb4.25.1&#8243; _module_preset=\u00bbdefault\u00bb global_colors_info=\u00bb{}\u00bb theme_builder_area=\u00bbpost_content\u00bb open=\u00bboff\u00bb]<\/p>\n<p><span>Despu\u00e9s de la inscripci\u00f3n usted debe contar con un comprobante en PDF, donde le indica los datos para la evaluaci\u00f3n.<\/span><\/p>\n<p>[\/et_pb_accordion_item][et_pb_accordion_item title=\u00bbAl realizar la inscripci\u00f3n me sale que mi cuenta ya existe y no me permite crear la contrase\u00f1a que pide, \u00bfQu\u00e9 podr\u00eda hacer en este caso?\u00bb _builder_version=\u00bb4.25.1&#8243; _module_preset=\u00bbdefault\u00bb global_colors_info=\u00bb{}\u00bb theme_builder_area=\u00bbpost_content\u00bb open=\u00bboff\u00bb]<\/p>\n<p><span>Por favor intente una vez m\u00e1s, si tiene el mismo problema presione recuperar la contrase\u00f1a y siga todos los pasos que se indica.<\/span><\/p>\n<p>[\/et_pb_accordion_item][et_pb_accordion_item title=\u00bb\u00bfMe podr\u00eda ayudar con el valor de la segunda carrera?\u00bb _builder_version=\u00bb4.25.1&#8243; _module_preset=\u00bbdefault\u00bb global_colors_info=\u00bb{}\u00bb theme_builder_area=\u00bbpost_content\u00bb open=\u00bboff\u00bb]<\/p>\n<p><span>Primero debe realizar los procesos para la obtenci\u00f3n de un cupo y dependiendo la carrera le informar\u00e1n el valor en cada una de las facultades y extensiones.<\/span><\/p>\n<p>[\/et_pb_accordion_item][et_pb_accordion_item title=\u00bb\u00bfHay alg\u00fan temario o simulador donde se pueda hacer referencia para la prueba de admisi\u00f3n?\u00bb _builder_version=\u00bb4.25.1&#8243; _module_preset=\u00bbdefault\u00bb global_colors_info=\u00bb{}\u00bb theme_builder_area=\u00bbpost_content\u00bb open=\u00bboff\u00bb]<\/p>\n<p><span>En las pr\u00f3ximas semanas publicaremos los temarios en medios oficiales de la UTLVTE.<\/span><\/p>\n<p>[\/et_pb_accordion_item][et_pb_accordion_item title=\u00bb\u00bfSi no me encuentro en el pa\u00eds hay alguna manera de dar el examen de admisi\u00f3n?\u00bb _builder_version=\u00bb4.25.1&#8243; _module_preset=\u00bbdefault\u00bb global_colors_info=\u00bb{}\u00bb theme_builder_area=\u00bbpost_content\u00bb open=\u00bboff\u00bb]<\/p>\n<div class=\"elementor-accordion-item\">\n<div id=\"elementor-tab-content-1039\" class=\"elementor-tab-content elementor-clearfix elementor-active\" data-tab=\"9\" role=\"region\" aria-labelledby=\"elementor-tab-title-1039\">\n<p>La universidad aplicar\u00e1 la evaluaci\u00f3n solamente de manera presencial.<\/p>\n<\/div>\n<\/div>\n<p>[\/et_pb_accordion_item][et_pb_accordion_item title=\u00bb\u00bfCu\u00e1l es el puntaje referencial para las carreras?\u00bb _builder_version=\u00bb4.25.1&#8243; _module_preset=\u00bbdefault\u00bb global_colors_info=\u00bb{}\u00bb theme_builder_area=\u00bbpost_content\u00bb open=\u00bboff\u00bb]<\/p>\n<p>Seg\u00fan lo que establece el reglamento de la SENESCYT no hay puntaje m\u00ednimo ni m\u00e1ximo. La asignaci\u00f3n de cupos se realizar\u00e1 en funci\u00f3n a los par\u00e1metros establecidos por la SENESCYT en el art\u00edculo 40 del Reglamento del Sistema Nacional de Nivelaci\u00f3n y Admisi\u00f3n, en atenci\u00f3n a los principios de m\u00e9rito e igualdad de oportunidades.<\/p>\n<p>Todo depende de la calificaci\u00f3n de los antecedentes acad\u00e9micos que corresponde al 50% y el otro 50% a la evaluaci\u00f3n. Es decir, ingresan los que mejor promedio tengan en estos dos componentes, en funci\u00f3n del n\u00famero de cupos disponibles. Ejemplo, si en una carrera se ofertan 80 cupos, ingresan los 80 mejores promedios de chicos que postularon a dicha carrera.<\/p>\n<p>[\/et_pb_accordion_item][et_pb_accordion_item title=\u00bb\u00bfCu\u00e1ntas carreras puedo postular?\u00bb _builder_version=\u00bb4.25.1&#8243; _module_preset=\u00bbdefault\u00bb global_colors_info=\u00bb{}\u00bb theme_builder_area=\u00bbpost_content\u00bb open=\u00bboff\u00bb]<\/p>\n<p><span>Solo puedes postular por una carrera, en esta instancia es en la que debes decidir bien por la carrera que deseas seguir.<\/span><\/p>\n<p>[\/et_pb_accordion_item][et_pb_accordion_item title=\u00bb\u00bfEn que fechas se tiene estipulado las inscripciones?\u00bb _builder_version=\u00bb4.25.1&#8243; _module_preset=\u00bbdefault\u00bb global_colors_info=\u00bb{}\u00bb theme_builder_area=\u00bbpost_content\u00bb open=\u00bboff\u00bb]<\/p>\n<p><span>Las inscripciones se realizar\u00e1n a partir del &#8212; al &#8212; de &#8212;&#8212;- 202-.<\/span><\/p>\n<p>[\/et_pb_accordion_item][et_pb_accordion_item title=\u00bb\u00bfLa nota del t\u00edtulo de bachiller tambi\u00e9n toma en cuenta?\u00bb open_toggle_text_color=\u00bb#009029&#8243; closed_toggle_text_color=\u00bb#009029&#8243; _builder_version=\u00bb4.25.1&#8243; _module_preset=\u00bbdefault\u00bb global_colors_info=\u00bb{}\u00bb theme_builder_area=\u00bbpost_content\u00bb open=\u00bboff\u00bb]<\/p>\n<div id=\"content\" class=\"site-content\">\n<div class=\"ast-container\">\n<div id=\"primary\" class=\"content-area primary\">\n<p><main id=\"main\" class=\"site-main\"><\/p>\n<article class=\"post-11 page type-page status-publish ast-article-single\" id=\"post-11\" itemtype=\"https:\/\/schema.org\/CreativeWork\" itemscope=\"itemscope\">\n<div class=\"entry-content clear\" itemprop=\"text\">\n<div data-elementor-type=\"wp-page\" data-elementor-id=\"11\" class=\"elementor elementor-11\">\n<section class=\"elementor-section elementor-top-section elementor-element elementor-element-zi19g37 elementor-section-content-top animated-slow elementor-section-boxed elementor-section-height-default elementor-section-height-default animated fadeIn\" data-id=\"zi19g37\" data-element_type=\"section\" data-settings=\"{&quot;background_background&quot;:&quot;classic&quot;,&quot;animation&quot;:&quot;fadeIn&quot;}\">\n<div class=\"elementor-container elementor-column-gap-no\">\n<div class=\"elementor-column elementor-col-100 elementor-top-column elementor-element elementor-element-7882748\" data-id=\"7882748\" data-element_type=\"column\">\n<div class=\"elementor-widget-wrap elementor-element-populated\">\n<div class=\"elementor-element elementor-element-631b990 elementor-widget elementor-widget-accordion\" data-id=\"631b990\" data-element_type=\"widget\" data-widget_type=\"accordion.default\">\n<div class=\"elementor-widget-container\">\n<div class=\"elementor-accordion\">\n<div class=\"elementor-accordion-item\">\n<div id=\"elementor-tab-content-10313\" class=\"elementor-tab-content elementor-clearfix elementor-active\" data-tab=\"13\" role=\"region\" aria-labelledby=\"elementor-tab-title-10313\">\n<p>Efectivamente se considera el 50% de antecedentes acad\u00e9micos y 50% de la evaluaci\u00f3n.<\/p>\n<\/div>\n<\/div>\n<\/div>\n<\/div>\n<\/div>\n<\/div>\n<\/div>\n<\/div>\n<\/section>\n<\/div>\n<\/div>\n<\/article>\n<p><\/main><\/div>\n<\/div>\n<\/div>\n<footer class=\"site-footer\" id=\"colophon\" itemtype=\"https:\/\/schema.org\/WPFooter\" itemscope=\"itemscope\" itemid=\"#colophon\">\n<div class=\"site-below-footer-wrap ast-builder-grid-row-container site-footer-focus-item ast-builder-grid-row-full ast-builder-grid-row-tablet-full ast-builder-grid-row-mobile-full ast-footer-row-stack ast-footer-row-tablet-stack ast-footer-row-mobile-stack\" data-section=\"section-below-footer-builder\">\n<div class=\"ast-builder-grid-row-container-inner\">\n<div class=\"ast-builder-footer-grid-columns site-below-footer-inner-wrap ast-builder-grid-row\">\n<div class=\"site-footer-below-section-1 site-footer-section site-footer-section-1\">\n<div class=\"ast-builder-layout-element ast-flex site-footer-focus-item ast-footer-copyright\" data-section=\"section-footer-builder\">\n<div class=\"ast-footer-copyright\"><\/div>\n<\/div>\n<\/div>\n<\/div>\n<\/div>\n<\/div>\n<\/footer>\n<p>[\/et_pb_accordion_item][\/et_pb_accordion][\/et_pb_column][\/et_pb_row][\/et_pb_section]<\/p>\n","protected":false},"excerpt":{"rendered":"<p>Preguntas Frecuentes En este apartado, encontrar\u00e1s respuestas a las preguntas m\u00e1s comunes sobre la Universidad T\u00e9cnica \u00abLuis Vargas Torres\u00bb de Esmeraldas. Si, por favor debe realizar el mismo proceso, la primera etapa del Registro Nacional, la segunda etapa la inscripci\u00f3n y cada una de las etapas necesarias para la aceptaci\u00f3n de un cupo.Para realizar el [&hellip;]<\/p>\n","protected":false},"author":9,"featured_media":0,"parent":0,"menu_order":0,"comment_status":"closed","ping_status":"closed","template":"","meta":{"_et_pb_use_builder":"on","_et_pb_old_content":"","_et_gb_content_width":"","footnotes":""},"class_list":["post-234547","page","type-page","status-publish","hentry"],"_links":{"self":[{"href":"https:\/\/utelvt.edu.ec\/admision\/wp-json\/wp\/v2\/pages\/234547","targetHints":{"allow":["GET"]}}],"collection":[{"href":"https:\/\/utelvt.edu.ec\/admision\/wp-json\/wp\/v2\/pages"}],"about":[{"href":"https:\/\/utelvt.edu.ec\/admision\/wp-json\/wp\/v2\/types\/page"}],"author":[{"embeddable":true,"href":"https:\/\/utelvt.edu.ec\/admision\/wp-json\/wp\/v2\/users\/9"}],"replies":[{"embeddable":true,"href":"https:\/\/utelvt.edu.ec\/admision\/wp-json\/wp\/v2\/comments?post=234547"}],"version-history":[{"count":0,"href":"https:\/\/utelvt.edu.ec\/admision\/wp-json\/wp\/v2\/pages\/234547\/revisions"}],"wp:attachment":[{"href":"https:\/\/utelvt.edu.ec\/admision\/wp-json\/wp\/v2\/media?parent=234547"}],"curies":[{"name":"wp","href":"https:\/\/api.w.org\/{rel}","templated":true}]}}