{"id":234141,"date":"2024-05-24T17:48:54","date_gmt":"2024-05-24T22:48:54","guid":{"rendered":"https:\/\/utelvt.edu.ec\/admision\/?page_id=234141"},"modified":"2024-06-02T17:06:48","modified_gmt":"2024-06-02T22:06:48","slug":"nuestro-patrono","status":"publish","type":"page","link":"https:\/\/utelvt.edu.ec\/admision\/nuestro-patrono\/","title":{"rendered":"Nuestro Patrono"},"content":{"rendered":"<p>[et_pb_section fb_built=\u00bb1&#8243; custom_padding_last_edited=\u00bboff|desktop\u00bb admin_label=\u00bbHero\u00bb _builder_version=\u00bb4.16&#8243; background_color=\u00bb#f8f7fc\u00bb background_color_gradient_direction=\u00bb60deg\u00bb custom_padding=\u00bb100px|0px||\u00bb global_colors_info=\u00bb{}\u00bb][et_pb_row _builder_version=\u00bb4.16&#8243; custom_padding=\u00bb|||\u00bb global_colors_info=\u00bb{}\u00bb][et_pb_column type=\u00bb4_4&#8243; _builder_version=\u00bb4.16&#8243; custom_padding=\u00bb|||\u00bb global_colors_info=\u00bb{}\u00bb custom_padding__hover=\u00bb|||\u00bb][et_pb_text _builder_version=\u00bb4.25.1&#8243; text_font=\u00bbRoboto|600|||||||\u00bb text_font_size=\u00bb16px\u00bb text_line_height=\u00bb1.8em\u00bb header_font=\u00bbRoboto||||||||\u00bb header_2_font=\u00bbPoppins||||||||\u00bb header_2_font_size=\u00bb36px\u00bb header_2_line_height=\u00bb1.4em\u00bb text_orientation=\u00bbcenter\u00bb max_width=\u00bb700px\u00bb module_alignment=\u00bbcenter\u00bb global_colors_info=\u00bb{}\u00bb]<\/p>\n<h2><strong>Nuestro Patrono<\/strong><\/h2>\n<p><span>En este apartado encontrar\u00e1s informaci\u00f3n sobre nuestro ilustre patrono, el Coronel Luis Vargas Torres.\u00a0<\/span><\/p>\n<p>[\/et_pb_text][et_pb_image src=\u00bbhttps:\/\/blogger.googleusercontent.com\/img\/b\/R29vZ2xl\/AVvXsEhIiEta2jqT9rQPQrVUTUNuVYiSqMDos4I0XUFXHnlqZxFbiEmQtP_g8UkbcWWOEmjRReddpb21_8JD0Z8G0Wl2J8u1Dq7fGLo7exhK3Be2-S5y0BHdpO-imBueeYeQDOrfQfkpTTxL-BH_ns6rG_GstOMxVw89LIyMskwo_-IETzOm5P7aNDbjVle4_2cU\/s1536\/LVT%20ENCABEZADO.png\u00bb title_text=\u00bbLVT ENCABEZADO\u00bb align=\u00bbcenter\u00bb _builder_version=\u00bb4.25.1&#8243; _module_preset=\u00bbdefault\u00bb global_colors_info=\u00bb{}\u00bb][\/et_pb_image][et_pb_accordion _builder_version=\u00bb4.25.1&#8243; _module_preset=\u00bbdefault\u00bb global_colors_info=\u00bb{}\u00bb][et_pb_accordion_item title=\u00bbContexto y primeros a\u00f1os\u00bb open=\u00bbon\u00bb _builder_version=\u00bb4.25.1&#8243; _module_preset=\u00bbdefault\u00bb global_colors_info=\u00bb{}\u00bb]<\/p>\n<p><span>Luis Vargas Torres naci\u00f3 en un periodo de intensos cambios pol\u00edticos y sociales en Ecuador. Desde joven, mostr\u00f3 un fuerte sentido de justicia y un compromiso con las ideas liberales que estaban en auge en Am\u00e9rica Latina. Este esp\u00edritu lo llev\u00f3 a enrolarse en el ej\u00e9rcito a una edad temprana, donde r\u00e1pidamente ascendi\u00f3 debido a su valent\u00eda y habilidades estrat\u00e9gicas.<\/span><\/p>\n<p>[\/et_pb_accordion_item][et_pb_accordion_item title=\u00bbParticipaci\u00f3n en la Revoluci\u00f3n Liberal\u00bb _builder_version=\u00bb4.25.1&#8243; _module_preset=\u00bbdefault\u00bb global_colors_info=\u00bb{}\u00bb open=\u00bboff\u00bb]<\/p>\n<p><span>La Revoluci\u00f3n Liberal ecuatoriana, liderada por Eloy Alfaro, buscaba modernizar el pa\u00eds y acabar con el dominio conservador y clerical. Vargas Torres se uni\u00f3 a las fuerzas liberales y se convirti\u00f3 en un importante colaborador de Alfaro. Su lealtad a la causa liberal y su habilidad militar lo convirtieron en un elemento clave en diversas campa\u00f1as.<\/span><\/p>\n<p>[\/et_pb_accordion_item][et_pb_accordion_item title=\u00bbOposici\u00f3n a Veintemilla\u00bb _builder_version=\u00bb4.25.1&#8243; _module_preset=\u00bbdefault\u00bb global_colors_info=\u00bb{}\u00bb open=\u00bboff\u00bb]<\/p>\n<p><span>Una de las acciones m\u00e1s destacadas de Vargas Torres fue su oposici\u00f3n a la dictadura de Ignacio de Veintemilla. Veintemilla, quien se hab\u00eda proclamado dictador en 1876, encontr\u00f3 una fuerte resistencia en las fuerzas liberales. Vargas Torres fue uno de los l\u00edderes militares que lucharon incansablemente contra el r\u00e9gimen dictatorial. Su compromiso con la causa liberal y su rechazo a la tiran\u00eda lo hicieron muy popular entre sus contempor\u00e1neos.<\/span><\/p>\n<p>[\/et_pb_accordion_item][et_pb_accordion_item title=\u00bbCaptura y ejecuci\u00f3n\u00bb _builder_version=\u00bb4.25.1&#8243; _module_preset=\u00bbdefault\u00bb global_colors_info=\u00bb{}\u00bb open=\u00bboff\u00bb]<\/p>\n<p><span>En 1883, durante una de las campa\u00f1as militares contra el r\u00e9gimen de Veintemilla, Vargas Torres fue capturado por las fuerzas leales al dictador. A pesar de los esfuerzos de sus compa\u00f1eros por liberarlo, fue llevado a Guayaquil, donde enfrent\u00f3 un consejo de guerra. El 20 de marzo de 1887, Vargas Torres fue ejecutado, convirti\u00e9ndose en un m\u00e1rtir de la causa liberal.<\/span><\/p>\n<p>[\/et_pb_accordion_item][et_pb_accordion_item title=\u00bbLegado\u00bb _builder_version=\u00bb4.25.1&#8243; _module_preset=\u00bbdefault\u00bb global_colors_info=\u00bb{}\u00bb open=\u00bboff\u00bb]<\/p>\n<p><span>El coronel Luis Vargas Torres es recordado como un h\u00e9roe nacional en Ecuador. Su vida y su sacrificio simbolizan la lucha por la libertad y la justicia en una \u00e9poca de grandes convulsiones pol\u00edticas. En su honor, varias instituciones y localidades llevan su nombre, perpetuando su memoria y su contribuci\u00f3n a la historia ecuatoriana.<\/span><\/p>\n<p>[\/et_pb_accordion_item][\/et_pb_accordion][\/et_pb_column][\/et_pb_row][et_pb_row _builder_version=\u00bb4.25.1&#8243; _module_preset=\u00bbdefault\u00bb global_colors_info=\u00bb{}\u00bb][et_pb_column type=\u00bb4_4&#8243; _builder_version=\u00bb4.25.1&#8243; _module_preset=\u00bbdefault\u00bb global_colors_info=\u00bb{}\u00bb][ba_image_carousel content_alignment=\u00bbcenter\u00bb nav_height=\u00bb48px\u00bb nav_width=\u00bb48px\u00bb nav_color=\u00bb#ffffff\u00bb nav_bg=\u00bb#009029&#8243; icon_left=\u00bb&#xf104;||fa||900&#8243; icon_right=\u00bb&#xf105;||fa||900&#8243; _builder_version=\u00bb4.25.1&#8243; _module_preset=\u00bbdefault\u00bb hover_enabled=\u00bb0&#8243; global_colors_info=\u00bb{}\u00bb slide_count=\u00bb2&#8243; sticky_enabled=\u00bb0&#8243;][ba_image_carousel_child photo=\u00bbhttps:\/\/blogger.googleusercontent.com\/img\/b\/R29vZ2xl\/AVvXsEj0pAyMrkZJwrnSmmuLwti8aKctqLqcjQkScNsevGRYqnjwLxtb_4fvyxx68e8DNBamuTbEvUBrxVaG0dgWLnCSaZigJaCoMghtab5Wb1pFsctH0a5qaB3t_Q3gVp4K2Zq7Pd0OH-K6hXiJhnbyQ3AVwDyf7JigH10S60nqb56cg6cjH7zin3o9gU_10Tav\/s768\/Patrono%201.jpg\u00bb _builder_version=\u00bb4.25.1&#8243; global_colors_info=\u00bb{}\u00bb][\/ba_image_carousel_child][ba_image_carousel_child photo=\u00bbhttps:\/\/blogger.googleusercontent.com\/img\/b\/R29vZ2xl\/AVvXsEgh1G9rna-8EcNl4nBkEjFrjs3zXp65MK9RPsrAnlNM6Vn2fnBfwEg48gHETvz8uPI2gyQFWeu6ZkiKQMXitugLuk4GiVA6GJ1ahVBOcEuZKHvnEdeCLnhiWtAltOoGAdcNEPp7ZUeDXB9m_-_lwYziD5np2s7U6U-tlshRBK3wA0mPrJZUrrUCvRDaZb2A\/s768\/Patrono%202.jpg\u00bb _builder_version=\u00bb4.25.1&#8243; global_colors_info=\u00bb{}\u00bb][\/ba_image_carousel_child][ba_image_carousel_child photo=\u00bbhttps:\/\/blogger.googleusercontent.com\/img\/b\/R29vZ2xl\/AVvXsEj_4Hjz8vU9VZmKN94YWm8UYbdKVG8zeL_sxDiA9X3yR9jE1Med1EIcq_ysj5DcdDDOJcAfjf6hldg6LIfjcPeey57KLXTVbV9IxGIU1SGu-xH3ZUyEnRHRxhdsc00oHNN3BsoQUI984gRZmjj7qbmhl43lcsaRNZJh8o0uqzZrMsXumrs75QOvFee4rUst\/s768\/Patrono%203.jpg\u00bb _builder_version=\u00bb4.25.1&#8243; global_colors_info=\u00bb{}\u00bb][\/ba_image_carousel_child][ba_image_carousel_child photo=\u00bbhttps:\/\/blogger.googleusercontent.com\/img\/b\/R29vZ2xl\/AVvXsEhrcdKT0DvqyNWXwQwZnD-FJSov9tUJY9ZKKsn71Eeox4VhRyp_wkAdIAEB86lCgxXGfsNSMMSdDIX9BaSBMpV5fIl-xm25Rd9fw9MnfIFg_4fkqNUhxxb5WvjTMf8omqW52EZUcMGddY-pKqsm0sLXiu7l3b0C6Rof3axM5wHlalMEO-tbDrWPja4zYL6E\/s768\/Patrono%204.jpg\u00bb _builder_version=\u00bb4.25.1&#8243; global_colors_info=\u00bb{}\u00bb][\/ba_image_carousel_child][ba_image_carousel_child photo=\u00bbhttps:\/\/blogger.googleusercontent.com\/img\/b\/R29vZ2xl\/AVvXsEhr5Fgr0nxzNIVkGvAgaxnvusgL6uDkoK-MmrGZU1vsiZ4XXu87zG1pNnA01w0xdoaSQyqolv9eCOEVxcGimDk3iFXXcfsr6cduWjA-Tr-Mg75vGSPcSGC3Wt2_DlT6nuDLZRRylqExc-69YzGgIwwRHgyMX1QlTEzX1e5sDeVlz3qHCVnLHMbKgtIOPhR2\/s768\/Patrono%205.jpg\u00bb _builder_version=\u00bb4.25.1&#8243; global_colors_info=\u00bb{}\u00bb][\/ba_image_carousel_child][ba_image_carousel_child photo=\u00bbhttps:\/\/blogger.googleusercontent.com\/img\/b\/R29vZ2xl\/AVvXsEhfi29q__8064ebN7XMhdmet4Bfu_iKdJpLO6jCvG7sMt4aGxBbvs1uo1itQVsn_c3nyEtxibKP3i963H_CxUrr6h19qK5-kfMqu3J8Ew6MkVc6dC8QL5DsY0SpER01-dezeCAHvEDtBBW787dyq7XQhhJOJPMzflxHRYMs_7urIpnWDU2yhrdmtLovEBAd\/s768\/Patrono%206.jpg\u00bb _builder_version=\u00bb4.25.1&#8243; global_colors_info=\u00bb{}\u00bb][\/ba_image_carousel_child][ba_image_carousel_child photo=\u00bbhttps:\/\/blogger.googleusercontent.com\/img\/b\/R29vZ2xl\/AVvXsEgYGevc0PkL8jPqKivHBx8p7E4jjTtwkLwQY2W6j1bvphC1CPYRYSKMMTJdVgGx-9IuTPit2fIsL2eoEENcUaShtqJh0oXeofPmPCM-a-W2Z_cK6eVaQX6INE5pKrDk3D_39xnkgVhvwE_Iyb-_f-e5oF4pp1llSof84W-4ViLVmeekg7Uc4vF2aYmg6inq\/s768\/Patrono%207.jpg\u00bb _builder_version=\u00bb4.25.1&#8243; global_colors_info=\u00bb{}\u00bb][\/ba_image_carousel_child][ba_image_carousel_child photo=\u00bbhttps:\/\/blogger.googleusercontent.com\/img\/b\/R29vZ2xl\/AVvXsEhk_q4AUUok5U8DHK4B8x70CbNpAGxV0wZtOSMLlnDV7iNWV6wgCKWxLVFngmqOdLcftZI9gjmPzbBMFcq8a9Jh3xou49a38_i4Yoph2hcMQA_jyxYC3cFVjPWhzbQnI58iI066LRibzcXtnUk55W3OOKWr3M9sA6m8P8Ux3kzbEUrw51mqjdwd8Xhw19UE\/s768\/Patrono%208.jpg\u00bb _builder_version=\u00bb4.25.1&#8243; global_colors_info=\u00bb{}\u00bb][\/ba_image_carousel_child][ba_image_carousel_child photo=\u00bbhttps:\/\/blogger.googleusercontent.com\/img\/b\/R29vZ2xl\/AVvXsEg2XWt6J9neq5BcWdB4rvhCrU_cBQyFMCgx6Q2s30L_zfmpD86u3GoP50F97Jsr0TXiv8wyWOgBTSfrPAEGkKkBsMrU2-u5oB9RFaDDCcNSX-Cgxm2CGBcOrStA3OkzNzQ3-xtCo9NgOktFnkTtAYwn8Xrb7f6XkBnM46nIK4EoaDrVYqSmPc4vE6KdBeuY\/s768\/Patrono%209.jpg\u00bb _builder_version=\u00bb4.25.1&#8243; global_colors_info=\u00bb{}\u00bb][\/ba_image_carousel_child][\/ba_image_carousel][\/et_pb_column][\/et_pb_row][\/et_pb_section]<\/p>\n","protected":false},"excerpt":{"rendered":"<p>Nuestro Patrono En este apartado encontrar\u00e1s informaci\u00f3n sobre nuestro ilustre patrono, el Coronel Luis Vargas Torres.\u00a0Luis Vargas Torres naci\u00f3 en un periodo de intensos cambios pol\u00edticos y sociales en Ecuador. Desde joven, mostr\u00f3 un fuerte sentido de justicia y un compromiso con las ideas liberales que estaban en auge en Am\u00e9rica Latina. Este esp\u00edritu lo [&hellip;]<\/p>\n","protected":false},"author":9,"featured_media":0,"parent":0,"menu_order":0,"comment_status":"closed","ping_status":"closed","template":"","meta":{"_et_pb_use_builder":"on","_et_pb_old_content":"","_et_gb_content_width":"","footnotes":""},"class_list":["post-234141","page","type-page","status-publish","hentry"],"_links":{"self":[{"href":"https:\/\/utelvt.edu.ec\/admision\/wp-json\/wp\/v2\/pages\/234141","targetHints":{"allow":["GET"]}}],"collection":[{"href":"https:\/\/utelvt.edu.ec\/admision\/wp-json\/wp\/v2\/pages"}],"about":[{"href":"https:\/\/utelvt.edu.ec\/admision\/wp-json\/wp\/v2\/types\/page"}],"author":[{"embeddable":true,"href":"https:\/\/utelvt.edu.ec\/admision\/wp-json\/wp\/v2\/users\/9"}],"replies":[{"embeddable":true,"href":"https:\/\/utelvt.edu.ec\/admision\/wp-json\/wp\/v2\/comments?post=234141"}],"version-history":[{"count":2,"href":"https:\/\/utelvt.edu.ec\/admision\/wp-json\/wp\/v2\/pages\/234141\/revisions"}],"predecessor-version":[{"id":235250,"href":"https:\/\/utelvt.edu.ec\/admision\/wp-json\/wp\/v2\/pages\/234141\/revisions\/235250"}],"wp:attachment":[{"href":"https:\/\/utelvt.edu.ec\/admision\/wp-json\/wp\/v2\/media?parent=234141"}],"curies":[{"name":"wp","href":"https:\/\/api.w.org\/{rel}","templated":true}]}}

<p>[et_pb_section fb_built=»1&#8243; custom_padding_last_edited=»off|desktop» admin_label=»Hero» _builder_version=»4.16&#8243; background_color=»#f8f7fc» background_color_gradient_direction=»60deg» custom_padding=»100px|0px||» global_colors_info=»{}»][et_pb_row _builder_version=»4.16&#8243; custom_padding=»|||» global_colors_info=»{}»][et_pb_column type=»4_4&#8243; _builder_version=»4.16&#8243; custom_padding=»|||» global_colors_info=»{}» custom_padding__hover=»|||»][et_pb_text _builder_version=»4.25.1&#8243; text_font=»Roboto|600|||||||» text_font_size=»16px» text_line_height=»1.8em» header_font=»Roboto||||||||» header_2_font=»Poppins||||||||» header_2_font_size=»36px» header_2_line_height=»1.4em» text_orientation=»center» max_width=»700px» module_alignment=»center» global_colors_info=»{}»]</p>
<h2><strong>Nuestro Patrono</strong></h2>
<p><span>En este apartado encontrarás información sobre nuestro ilustre patrono, el Coronel Luis Vargas Torres. </span></p>
<p>[/et_pb_text][et_pb_image src=»https://blogger.googleusercontent.com/img/b/R29vZ2xl/AVvXsEhIiEta2jqT9rQPQrVUTUNuVYiSqMDos4I0XUFXHnlqZxFbiEmQtP_g8UkbcWWOEmjRReddpb21_8JD0Z8G0Wl2J8u1Dq7fGLo7exhK3Be2-S5y0BHdpO-imBueeYeQDOrfQfkpTTxL-BH_ns6rG_GstOMxVw89LIyMskwo_-IETzOm5P7aNDbjVle4_2cU/s1536/LVT%20ENCABEZADO.png» title_text=»LVT ENCABEZADO» align=»center» _builder_version=»4.25.1&#8243; _module_preset=»default» global_colors_info=»{}»][/et_pb_image][et_pb_accordion _builder_version=»4.25.1&#8243; _module_preset=»default» global_colors_info=»{}»][et_pb_accordion_item title=»Contexto y primeros años» open=»on» _builder_version=»4.25.1&#8243; _module_preset=»default» global_colors_info=»{}»]</p>
<p><span>Luis Vargas Torres nació en un periodo de intensos cambios políticos y sociales en Ecuador. Desde joven, mostró un fuerte sentido de justicia y un compromiso con las ideas liberales que estaban en auge en América Latina. Este espíritu lo llevó a enrolarse en el ejército a una edad temprana, donde rápidamente ascendió debido a su valentía y habilidades estratégicas.</span></p>
<p>[/et_pb_accordion_item][et_pb_accordion_item title=»Participación en la Revolución Liberal» _builder_version=»4.25.1&#8243; _module_preset=»default» global_colors_info=»{}» open=»off»]</p>
<p><span>La Revolución Liberal ecuatoriana, liderada por Eloy Alfaro, buscaba modernizar el país y acabar con el dominio conservador y clerical. Vargas Torres se unió a las fuerzas liberales y se convirtió en un importante colaborador de Alfaro. Su lealtad a la causa liberal y su habilidad militar lo convirtieron en un elemento clave en diversas campañas.</span></p>
<p>[/et_pb_accordion_item][et_pb_accordion_item title=»Oposición a Veintemilla» _builder_version=»4.25.1&#8243; _module_preset=»default» global_colors_info=»{}» open=»off»]</p>
<p><span>Una de las acciones más destacadas de Vargas Torres fue su oposición a la dictadura de Ignacio de Veintemilla. Veintemilla, quien se había proclamado dictador en 1876, encontró una fuerte resistencia en las fuerzas liberales. Vargas Torres fue uno de los líderes militares que lucharon incansablemente contra el régimen dictatorial. Su compromiso con la causa liberal y su rechazo a la tiranía lo hicieron muy popular entre sus contemporáneos.</span></p>
<p>[/et_pb_accordion_item][et_pb_accordion_item title=»Captura y ejecución» _builder_version=»4.25.1&#8243; _module_preset=»default» global_colors_info=»{}» open=»off»]</p>
<p><span>En 1883, durante una de las campañas militares contra el régimen de Veintemilla, Vargas Torres fue capturado por las fuerzas leales al dictador. A pesar de los esfuerzos de sus compañeros por liberarlo, fue llevado a Guayaquil, donde enfrentó un consejo de guerra. El 20 de marzo de 1887, Vargas Torres fue ejecutado, convirtiéndose en un mártir de la causa liberal.</span></p>
<p>[/et_pb_accordion_item][et_pb_accordion_item title=»Legado» _builder_version=»4.25.1&#8243; _module_preset=»default» global_colors_info=»{}» open=»off»]</p>
<p><span>El coronel Luis Vargas Torres es recordado como un héroe nacional en Ecuador. Su vida y su sacrificio simbolizan la lucha por la libertad y la justicia en una época de grandes convulsiones políticas. En su honor, varias instituciones y localidades llevan su nombre, perpetuando su memoria y su contribución a la historia ecuatoriana.</span></p>
<p>[/et_pb_accordion_item][/et_pb_accordion][/et_pb_column][/et_pb_row][et_pb_row _builder_version=»4.25.1&#8243; _module_preset=»default» global_colors_info=»{}»][et_pb_column type=»4_4&#8243; _builder_version=»4.25.1&#8243; _module_preset=»default» global_colors_info=»{}»][ba_image_carousel content_alignment=»center» nav_height=»48px» nav_width=»48px» nav_color=»#ffffff» nav_bg=»#009029&#8243; icon_left=»&#xf104;||fa||900&#8243; icon_right=»&#xf105;||fa||900&#8243; _builder_version=»4.25.1&#8243; _module_preset=»default» hover_enabled=»0&#8243; global_colors_info=»{}» slide_count=»2&#8243; sticky_enabled=»0&#8243;][ba_image_carousel_child photo=»https://blogger.googleusercontent.com/img/b/R29vZ2xl/AVvXsEj0pAyMrkZJwrnSmmuLwti8aKctqLqcjQkScNsevGRYqnjwLxtb_4fvyxx68e8DNBamuTbEvUBrxVaG0dgWLnCSaZigJaCoMghtab5Wb1pFsctH0a5qaB3t_Q3gVp4K2Zq7Pd0OH-K6hXiJhnbyQ3AVwDyf7JigH10S60nqb56cg6cjH7zin3o9gU_10Tav/s768/Patrono%201.jpg» _builder_version=»4.25.1&#8243; global_colors_info=»{}»][/ba_image_carousel_child][ba_image_carousel_child photo=»https://blogger.googleusercontent.com/img/b/R29vZ2xl/AVvXsEgh1G9rna-8EcNl4nBkEjFrjs3zXp65MK9RPsrAnlNM6Vn2fnBfwEg48gHETvz8uPI2gyQFWeu6ZkiKQMXitugLuk4GiVA6GJ1ahVBOcEuZKHvnEdeCLnhiWtAltOoGAdcNEPp7ZUeDXB9m_-_lwYziD5np2s7U6U-tlshRBK3wA0mPrJZUrrUCvRDaZb2A/s768/Patrono%202.jpg» _builder_version=»4.25.1&#8243; global_colors_info=»{}»][/ba_image_carousel_child][ba_image_carousel_child photo=»https://blogger.googleusercontent.com/img/b/R29vZ2xl/AVvXsEj_4Hjz8vU9VZmKN94YWm8UYbdKVG8zeL_sxDiA9X3yR9jE1Med1EIcq_ysj5DcdDDOJcAfjf6hldg6LIfjcPeey57KLXTVbV9IxGIU1SGu-xH3ZUyEnRHRxhdsc00oHNN3BsoQUI984gRZmjj7qbmhl43lcsaRNZJh8o0uqzZrMsXumrs75QOvFee4rUst/s768/Patrono%203.jpg» _builder_version=»4.25.1&#8243; global_colors_info=»{}»][/ba_image_carousel_child][ba_image_carousel_child photo=»https://blogger.googleusercontent.com/img/b/R29vZ2xl/AVvXsEhrcdKT0DvqyNWXwQwZnD-FJSov9tUJY9ZKKsn71Eeox4VhRyp_wkAdIAEB86lCgxXGfsNSMMSdDIX9BaSBMpV5fIl-xm25Rd9fw9MnfIFg_4fkqNUhxxb5WvjTMf8omqW52EZUcMGddY-pKqsm0sLXiu7l3b0C6Rof3axM5wHlalMEO-tbDrWPja4zYL6E/s768/Patrono%204.jpg» _builder_version=»4.25.1&#8243; global_colors_info=»{}»][/ba_image_carousel_child][ba_image_carousel_child photo=»https://blogger.googleusercontent.com/img/b/R29vZ2xl/AVvXsEhr5Fgr0nxzNIVkGvAgaxnvusgL6uDkoK-MmrGZU1vsiZ4XXu87zG1pNnA01w0xdoaSQyqolv9eCOEVxcGimDk3iFXXcfsr6cduWjA-Tr-Mg75vGSPcSGC3Wt2_DlT6nuDLZRRylqExc-69YzGgIwwRHgyMX1QlTEzX1e5sDeVlz3qHCVnLHMbKgtIOPhR2/s768/Patrono%205.jpg» _builder_version=»4.25.1&#8243; global_colors_info=»{}»][/ba_image_carousel_child][ba_image_carousel_child photo=»https://blogger.googleusercontent.com/img/b/R29vZ2xl/AVvXsEhfi29q__8064ebN7XMhdmet4Bfu_iKdJpLO6jCvG7sMt4aGxBbvs1uo1itQVsn_c3nyEtxibKP3i963H_CxUrr6h19qK5-kfMqu3J8Ew6MkVc6dC8QL5DsY0SpER01-dezeCAHvEDtBBW787dyq7XQhhJOJPMzflxHRYMs_7urIpnWDU2yhrdmtLovEBAd/s768/Patrono%206.jpg» _builder_version=»4.25.1&#8243; global_colors_info=»{}»][/ba_image_carousel_child][ba_image_carousel_child photo=»https://blogger.googleusercontent.com/img/b/R29vZ2xl/AVvXsEgYGevc0PkL8jPqKivHBx8p7E4jjTtwkLwQY2W6j1bvphC1CPYRYSKMMTJdVgGx-9IuTPit2fIsL2eoEENcUaShtqJh0oXeofPmPCM-a-W2Z_cK6eVaQX6INE5pKrDk3D_39xnkgVhvwE_Iyb-_f-e5oF4pp1llSof84W-4ViLVmeekg7Uc4vF2aYmg6inq/s768/Patrono%207.jpg» _builder_version=»4.25.1&#8243; global_colors_info=»{}»][/ba_image_carousel_child][ba_image_carousel_child photo=»https://blogger.googleusercontent.com/img/b/R29vZ2xl/AVvXsEhk_q4AUUok5U8DHK4B8x70CbNpAGxV0wZtOSMLlnDV7iNWV6wgCKWxLVFngmqOdLcftZI9gjmPzbBMFcq8a9Jh3xou49a38_i4Yoph2hcMQA_jyxYC3cFVjPWhzbQnI58iI066LRibzcXtnUk55W3OOKWr3M9sA6m8P8Ux3kzbEUrw51mqjdwd8Xhw19UE/s768/Patrono%208.jpg» _builder_version=»4.25.1&#8243; global_colors_info=»{}»][/ba_image_carousel_child][ba_image_carousel_child photo=»https://blogger.googleusercontent.com/img/b/R29vZ2xl/AVvXsEg2XWt6J9neq5BcWdB4rvhCrU_cBQyFMCgx6Q2s30L_zfmpD86u3GoP50F97Jsr0TXiv8wyWOgBTSfrPAEGkKkBsMrU2-u5oB9RFaDDCcNSX-Cgxm2CGBcOrStA3OkzNzQ3-xtCo9NgOktFnkTtAYwn8Xrb7f6XkBnM46nIK4EoaDrVYqSmPc4vE6KdBeuY/s768/Patrono%209.jpg» _builder_version=»4.25.1&#8243; global_colors_info=»{}»][/ba_image_carousel_child][/ba_image_carousel][/et_pb_column][/et_pb_row][/et_pb_section]</p>

<p>Nuestro Patrono En este apartado encontrarás información sobre nuestro ilustre patrono, el Coronel Luis Vargas Torres. Luis Vargas Torres nació en un periodo de intensos cambios políticos y sociales en Ecuador. Desde joven, mostró un fuerte sentido de justicia y un compromiso con las ideas liberales que estaban en auge en América Latina. Este espíritu lo [&hellip;]</p>
