{"id":234113,"date":"2024-05-24T16:58:12","date_gmt":"2024-05-24T21:58:12","guid":{"rendered":"https:\/\/utelvt.edu.ec\/admision\/?page_id=234113"},"modified":"2024-06-02T13:30:19","modified_gmt":"2024-06-02T18:30:19","slug":"mision-y-vision","status":"publish","type":"page","link":"https:\/\/utelvt.edu.ec\/admision\/mision-y-vision\/","title":{"rendered":"Misi\u00f3n y Visi\u00f3n"},"content":{"rendered":"<p>[et_pb_section fb_built=\u00bb1&#8243; custom_padding_last_edited=\u00bboff|desktop\u00bb admin_label=\u00bbHero\u00bb _builder_version=\u00bb4.16&#8243; background_color=\u00bb#f8f7fc\u00bb background_color_gradient_direction=\u00bb60deg\u00bb custom_padding=\u00bb100px|0px||\u00bb global_colors_info=\u00bb{}\u00bb][et_pb_row _builder_version=\u00bb4.16&#8243; custom_padding=\u00bb|||\u00bb global_colors_info=\u00bb{}\u00bb][et_pb_column type=\u00bb4_4&#8243; _builder_version=\u00bb4.16&#8243; custom_padding=\u00bb|||\u00bb global_colors_info=\u00bb{}\u00bb custom_padding__hover=\u00bb|||\u00bb][et_pb_text _builder_version=\u00bb4.25.1&#8243; text_font=\u00bbRoboto|600|||||||\u00bb text_font_size=\u00bb16px\u00bb text_line_height=\u00bb1.8em\u00bb header_font=\u00bbRoboto||||||||\u00bb header_2_font=\u00bbPoppins||||||||\u00bb header_2_font_size=\u00bb36px\u00bb header_2_line_height=\u00bb1.4em\u00bb text_orientation=\u00bbcenter\u00bb max_width=\u00bb700px\u00bb module_alignment=\u00bbcenter\u00bb global_colors_info=\u00bb{}\u00bb]<\/p>\n<h2><strong>Misi\u00f3n y Visi\u00f3n<\/strong><\/h2>\n<p><span>En este apartado encontrar\u00e1s informaci\u00f3n detallada sobre la misi\u00f3n y visi\u00f3n de la Universidad T\u00e9cnica \u00abLuis Vargas Torres\u00bb de Esmeraldas. <\/span><\/p>\n<p>[\/et_pb_text][\/et_pb_column][\/et_pb_row][\/et_pb_section][et_pb_section fb_built=\u00bb1&#8243; admin_label=\u00bbContact form field\u00bb _builder_version=\u00bb4.16&#8243; background_color=\u00bb#f8f7fc\u00bb custom_margin=\u00bb|||\u00bb custom_padding=\u00bb||100px|\u00bb global_colors_info=\u00bb{}\u00bb][et_pb_row column_structure=\u00bb3_5,2_5&#8243; _builder_version=\u00bb4.25.1&#8243; _module_preset=\u00bbdefault\u00bb global_colors_info=\u00bb{}\u00bb][et_pb_column type=\u00bb3_5&#8243; _builder_version=\u00bb4.25.1&#8243; _module_preset=\u00bbdefault\u00bb global_colors_info=\u00bb{}\u00bb][et_pb_text _builder_version=\u00bb4.25.1&#8243; text_font=\u00bbRoboto|600|||||||\u00bb text_font_size=\u00bb16px\u00bb text_line_height=\u00bb1.8em\u00bb header_font=\u00bbRoboto||||||||\u00bb header_2_font=\u00bbPoppins||||||||\u00bb header_2_font_size=\u00bb36px\u00bb header_2_line_height=\u00bb1.4em\u00bb text_orientation=\u00bbcenter\u00bb max_width=\u00bb700px\u00bb module_alignment=\u00bbcenter\u00bb global_colors_info=\u00bb{}\u00bb]<\/p>\n<h2><strong>Misi\u00f3n<\/strong><\/h2>\n<p style=\"text-align: left;\">Fortalecer los conocimientos adquiridos en el bachillerato de los aspirantes a la educaci\u00f3n superior, mediante diversas metodolog\u00edas impartidas por los docentes, para superar falencias tanto acad\u00e9micas como en valores que les permita generar una cultura de competitividad, tener igualdad de oportunidades, enfrentar los nuevos aprendizajes para tener \u00e9xitos en su carrera universitaria.<\/p>\n<p>[\/et_pb_text][\/et_pb_column][et_pb_column type=\u00bb2_5&#8243; _builder_version=\u00bb4.25.1&#8243; _module_preset=\u00bbdefault\u00bb global_colors_info=\u00bb{}\u00bb][et_pb_image src=\u00bbhttps:\/\/blogger.googleusercontent.com\/img\/b\/R29vZ2xl\/AVvXsEjGWTR5GmiZC4o6yD3KuYeJD06FGjwkohVhLSRlxlSusk-sFrdCtL_1CZlgaWD-Vy7ZM4keZrVC0fizT_5kdDqeRe7jcb-ra3yr4OEqm9yG-uQ7h5XuSW2tpZ48gRJ-nZ31Tfsa3fLBWuDzH1rVT9dZQvJVUu0u5-LBsnwxvIXtPFRYiXIBTxpDf1CkiL5A\/s1024\/qs1.jpg\u00bb title_text=\u00bbqs1&#8243; align=\u00bbcenter\u00bb _builder_version=\u00bb4.25.1&#8243; _module_preset=\u00bbdefault\u00bb hover_enabled=\u00bb0&#8243; border_radii=\u00bbon|30px|30px|30px|30px\u00bb global_colors_info=\u00bb{}\u00bb sticky_enabled=\u00bb0&#8243;][\/et_pb_image][\/et_pb_column][\/et_pb_row][et_pb_row column_structure=\u00bb2_5,3_5&#8243; _builder_version=\u00bb4.25.1&#8243; _module_preset=\u00bbdefault\u00bb global_colors_info=\u00bb{}\u00bb][et_pb_column type=\u00bb2_5&#8243; _builder_version=\u00bb4.25.1&#8243; _module_preset=\u00bbdefault\u00bb global_colors_info=\u00bb{}\u00bb][et_pb_image src=\u00bbhttps:\/\/blogger.googleusercontent.com\/img\/b\/R29vZ2xl\/AVvXsEjmfi-MqffYWTrvezUGtlAOErsJ69y09VvYZpnoCqaU-5Sbbm9sEOZjhto20FuizjGgOpzHSTbl1wQULxTyzRBa4BO02ERH4Z4sG5OUNKc16SvgiZ66mfddOkJkBF-P0R4-GlLKges9fIWoT7b5Tpm8JpTq2DvUz-eHGVDrIXw04E-i2WZmiOfGK4lI6vqa\/s1024\/qs2.jpg\u00bb title_text=\u00bbqs2&#8243; align=\u00bbcenter\u00bb _builder_version=\u00bb4.25.1&#8243; _module_preset=\u00bbdefault\u00bb hover_enabled=\u00bb0&#8243; border_radii=\u00bbon|30px|30px|30px|30px\u00bb global_colors_info=\u00bb{}\u00bb sticky_enabled=\u00bb0&#8243;][\/et_pb_image][\/et_pb_column][et_pb_column type=\u00bb3_5&#8243; _builder_version=\u00bb4.25.1&#8243; _module_preset=\u00bbdefault\u00bb global_colors_info=\u00bb{}\u00bb][et_pb_text _builder_version=\u00bb4.25.1&#8243; text_font=\u00bbRoboto|600|||||||\u00bb text_font_size=\u00bb16px\u00bb text_line_height=\u00bb1.8em\u00bb header_font=\u00bbRoboto||||||||\u00bb header_2_font=\u00bbPoppins||||||||\u00bb header_2_font_size=\u00bb36px\u00bb header_2_line_height=\u00bb1.4em\u00bb text_orientation=\u00bbcenter\u00bb max_width=\u00bb700px\u00bb module_alignment=\u00bbcenter\u00bb global_colors_info=\u00bb{}\u00bb]<\/p>\n<h2><strong>Visi\u00f3n<\/strong><\/h2>\n<p style=\"margin: 0cm; line-height: 19.2pt; vertical-align: baseline; text-align: left;\"><span style=\"font-family: 'Arial',sans-serif;\">Convertirse en la unidad protagonista generadora de cambios que motive a fomentar el desarrollo de capacidades en los estudiantes para que terminen su carrera universitaria, siendo profesionales que contribuyan con el desarrollo de la ciudad y el pa\u00eds.<o:p><\/o:p><\/span><\/p>\n<p>[\/et_pb_text][\/et_pb_column][\/et_pb_row][\/et_pb_section]<\/p>\n","protected":false},"excerpt":{"rendered":"<p>Misi\u00f3n y Visi\u00f3n En este apartado encontrar\u00e1s informaci\u00f3n detallada sobre la misi\u00f3n y visi\u00f3n de la Universidad T\u00e9cnica \u00abLuis Vargas Torres\u00bb de Esmeraldas. Misi\u00f3n Fortalecer los conocimientos adquiridos en el bachillerato de los aspirantes a la educaci\u00f3n superior, mediante diversas metodolog\u00edas impartidas por los docentes, para superar falencias tanto acad\u00e9micas como en valores que les [&hellip;]<\/p>\n","protected":false},"author":9,"featured_media":0,"parent":0,"menu_order":0,"comment_status":"closed","ping_status":"closed","template":"","meta":{"_et_pb_use_builder":"on","_et_pb_old_content":"","_et_gb_content_width":"","footnotes":""},"class_list":["post-234113","page","type-page","status-publish","hentry"],"_links":{"self":[{"href":"https:\/\/utelvt.edu.ec\/admision\/wp-json\/wp\/v2\/pages\/234113","targetHints":{"allow":["GET"]}}],"collection":[{"href":"https:\/\/utelvt.edu.ec\/admision\/wp-json\/wp\/v2\/pages"}],"about":[{"href":"https:\/\/utelvt.edu.ec\/admision\/wp-json\/wp\/v2\/types\/page"}],"author":[{"embeddable":true,"href":"https:\/\/utelvt.edu.ec\/admision\/wp-json\/wp\/v2\/users\/9"}],"replies":[{"embeddable":true,"href":"https:\/\/utelvt.edu.ec\/admision\/wp-json\/wp\/v2\/comments?post=234113"}],"version-history":[{"count":1,"href":"https:\/\/utelvt.edu.ec\/admision\/wp-json\/wp\/v2\/pages\/234113\/revisions"}],"predecessor-version":[{"id":235201,"href":"https:\/\/utelvt.edu.ec\/admision\/wp-json\/wp\/v2\/pages\/234113\/revisions\/235201"}],"wp:attachment":[{"href":"https:\/\/utelvt.edu.ec\/admision\/wp-json\/wp\/v2\/media?parent=234113"}],"curies":[{"name":"wp","href":"https:\/\/api.w.org\/{rel}","templated":true}]}}

Misión y Visión

<p>[et_pb_section fb_built=»1&#8243; custom_padding_last_edited=»off|desktop» admin_label=»Hero» _builder_version=»4.16&#8243; background_color=»#f8f7fc» background_color_gradient_direction=»60deg» custom_padding=»100px|0px||» global_colors_info=»{}»][et_pb_row _builder_version=»4.16&#8243; custom_padding=»|||» global_colors_info=»{}»][et_pb_column type=»4_4&#8243; _builder_version=»4.16&#8243; custom_padding=»|||» global_colors_info=»{}» custom_padding__hover=»|||»][et_pb_text _builder_version=»4.25.1&#8243; text_font=»Roboto|600|||||||» text_font_size=»16px» text_line_height=»1.8em» header_font=»Roboto||||||||» header_2_font=»Poppins||||||||» header_2_font_size=»36px» header_2_line_height=»1.4em» text_orientation=»center» max_width=»700px» module_alignment=»center» global_colors_info=»{}»]</p>
<h2><strong>Misión y Visión</strong></h2>
<p><span>En este apartado encontrarás información detallada sobre la misión y visión de la Universidad Técnica «Luis Vargas Torres» de Esmeraldas. </span></p>
<p>[/et_pb_text][/et_pb_column][/et_pb_row][/et_pb_section][et_pb_section fb_built=»1&#8243; admin_label=»Contact form field» _builder_version=»4.16&#8243; background_color=»#f8f7fc» custom_margin=»|||» custom_padding=»||100px|» global_colors_info=»{}»][et_pb_row column_structure=»3_5,2_5&#8243; _builder_version=»4.25.1&#8243; _module_preset=»default» global_colors_info=»{}»][et_pb_column type=»3_5&#8243; _builder_version=»4.25.1&#8243; _module_preset=»default» global_colors_info=»{}»][et_pb_text _builder_version=»4.25.1&#8243; text_font=»Roboto|600|||||||» text_font_size=»16px» text_line_height=»1.8em» header_font=»Roboto||||||||» header_2_font=»Poppins||||||||» header_2_font_size=»36px» header_2_line_height=»1.4em» text_orientation=»center» max_width=»700px» module_alignment=»center» global_colors_info=»{}»]</p>
<h2><strong>Misión</strong></h2>
<p style="text-align: left;">Fortalecer los conocimientos adquiridos en el bachillerato de los aspirantes a la educación superior, mediante diversas metodologías impartidas por los docentes, para superar falencias tanto académicas como en valores que les permita generar una cultura de competitividad, tener igualdad de oportunidades, enfrentar los nuevos aprendizajes para tener éxitos en su carrera universitaria.</p>
<p>[/et_pb_text][/et_pb_column][et_pb_column type=»2_5&#8243; _builder_version=»4.25.1&#8243; _module_preset=»default» global_colors_info=»{}»][et_pb_image src=»https://blogger.googleusercontent.com/img/b/R29vZ2xl/AVvXsEjGWTR5GmiZC4o6yD3KuYeJD06FGjwkohVhLSRlxlSusk-sFrdCtL_1CZlgaWD-Vy7ZM4keZrVC0fizT_5kdDqeRe7jcb-ra3yr4OEqm9yG-uQ7h5XuSW2tpZ48gRJ-nZ31Tfsa3fLBWuDzH1rVT9dZQvJVUu0u5-LBsnwxvIXtPFRYiXIBTxpDf1CkiL5A/s1024/qs1.jpg» title_text=»qs1&#8243; align=»center» _builder_version=»4.25.1&#8243; _module_preset=»default» hover_enabled=»0&#8243; border_radii=»on|30px|30px|30px|30px» global_colors_info=»{}» sticky_enabled=»0&#8243;][/et_pb_image][/et_pb_column][/et_pb_row][et_pb_row column_structure=»2_5,3_5&#8243; _builder_version=»4.25.1&#8243; _module_preset=»default» global_colors_info=»{}»][et_pb_column type=»2_5&#8243; _builder_version=»4.25.1&#8243; _module_preset=»default» global_colors_info=»{}»][et_pb_image src=»https://blogger.googleusercontent.com/img/b/R29vZ2xl/AVvXsEjmfi-MqffYWTrvezUGtlAOErsJ69y09VvYZpnoCqaU-5Sbbm9sEOZjhto20FuizjGgOpzHSTbl1wQULxTyzRBa4BO02ERH4Z4sG5OUNKc16SvgiZ66mfddOkJkBF-P0R4-GlLKges9fIWoT7b5Tpm8JpTq2DvUz-eHGVDrIXw04E-i2WZmiOfGK4lI6vqa/s1024/qs2.jpg» title_text=»qs2&#8243; align=»center» _builder_version=»4.25.1&#8243; _module_preset=»default» hover_enabled=»0&#8243; border_radii=»on|30px|30px|30px|30px» global_colors_info=»{}» sticky_enabled=»0&#8243;][/et_pb_image][/et_pb_column][et_pb_column type=»3_5&#8243; _builder_version=»4.25.1&#8243; _module_preset=»default» global_colors_info=»{}»][et_pb_text _builder_version=»4.25.1&#8243; text_font=»Roboto|600|||||||» text_font_size=»16px» text_line_height=»1.8em» header_font=»Roboto||||||||» header_2_font=»Poppins||||||||» header_2_font_size=»36px» header_2_line_height=»1.4em» text_orientation=»center» max_width=»700px» module_alignment=»center» global_colors_info=»{}»]</p>
<h2><strong>Visión</strong></h2>
<p style="margin: 0cm; line-height: 19.2pt; vertical-align: baseline; text-align: left;"><span style="font-family: 'Arial',sans-serif;">Convertirse en la unidad protagonista generadora de cambios que motive a fomentar el desarrollo de capacidades en los estudiantes para que terminen su carrera universitaria, siendo profesionales que contribuyan con el desarrollo de la ciudad y el país.<o:p></o:p></span></p>
<p>[/et_pb_text][/et_pb_column][/et_pb_row][/et_pb_section]</p>

<p>Misión y Visión En este apartado encontrarás información detallada sobre la misión y visión de la Universidad Técnica «Luis Vargas Torres» de Esmeraldas. Misión Fortalecer los conocimientos adquiridos en el bachillerato de los aspirantes a la educación superior, mediante diversas metodologías impartidas por los docentes, para superar falencias tanto académicas como en valores que les [&hellip;]</p>
