{"id":10838,"date":"2024-05-23T23:16:20","date_gmt":"2024-05-24T04:16:20","guid":{"rendered":"https:\/\/utelvt.edu.ec\/admision\/?page_id=10838"},"modified":"2024-06-22T20:38:04","modified_gmt":"2024-06-23T01:38:04","slug":"sede-la-concordia","status":"publish","type":"page","link":"https:\/\/utelvt.edu.ec\/admision\/sede-la-concordia\/","title":{"rendered":"SEDE LA CONCORDIA"},"content":{"rendered":"<p>[et_pb_section fb_built=\u00bb1&#8243; custom_padding_last_edited=\u00bboff|desktop\u00bb admin_label=\u00bbHero\u00bb _builder_version=\u00bb4.16&#8243; background_color=\u00bb#f8f7fc\u00bb background_color_gradient_direction=\u00bb60deg\u00bb custom_padding=\u00bb100px|0px|22px|||\u00bb global_colors_info=\u00bb{}\u00bb][et_pb_row _builder_version=\u00bb4.16&#8243; custom_padding=\u00bb|||\u00bb global_colors_info=\u00bb{}\u00bb][et_pb_column type=\u00bb4_4&#8243; _builder_version=\u00bb4.16&#8243; custom_padding=\u00bb|||\u00bb global_colors_info=\u00bb{}\u00bb custom_padding__hover=\u00bb|||\u00bb][et_pb_text _builder_version=\u00bb4.25.1&#8243; text_font=\u00bbRoboto|600|||||||\u00bb text_font_size=\u00bb16px\u00bb text_line_height=\u00bb1.8em\u00bb header_font=\u00bbRoboto||||||||\u00bb header_2_font=\u00bbPoppins||||||||\u00bb header_2_font_size=\u00bb36px\u00bb header_2_line_height=\u00bb1.4em\u00bb text_orientation=\u00bbcenter\u00bb max_width=\u00bb700px\u00bb module_alignment=\u00bbcenter\u00bb global_colors_info=\u00bb{}\u00bb]<\/p>\n<h2><strong>SEDE<\/strong><\/h2>\n<p>Sede La Concordia<\/p>\n<p>[\/et_pb_text][\/et_pb_column][\/et_pb_row][et_pb_row _builder_version=\u00bb4.16&#8243; custom_padding=\u00bb|||\u00bb global_colors_info=\u00bb{}\u00bb][et_pb_column type=\u00bb4_4&#8243; _builder_version=\u00bb4.16&#8243; custom_padding=\u00bb|||\u00bb global_colors_info=\u00bb{}\u00bb custom_padding__hover=\u00bb|||\u00bb][et_pb_text _builder_version=\u00bb4.25.2&#8243; text_font=\u00bbRoboto|600|||||||\u00bb text_font_size=\u00bb16px\u00bb text_line_height=\u00bb1.8em\u00bb header_font=\u00bbRoboto||||||||\u00bb header_2_font=\u00bbPoppins||||||||\u00bb header_2_font_size=\u00bb36px\u00bb header_2_line_height=\u00bb1.4em\u00bb text_orientation=\u00bbcenter\u00bb max_width=\u00bb700px\u00bb module_alignment=\u00bbcenter\u00bb hover_enabled=\u00bb0&#8243; global_colors_info=\u00bb{}\u00bb sticky_enabled=\u00bb0&#8243;]<\/p>\n<p>La Sede Santo Domingo de los Ts\u00e1chilas ubicada en La Concordia, trabaja desde 1994 en la formaci\u00f3n de profesionales de alto nivel con sentido de pertinencia, cr\u00edticos, propositivos y humanistas enfocados en el desarrollo sostenible de la sociedad.<\/p>\n<p>[\/et_pb_text][\/et_pb_column][\/et_pb_row][\/et_pb_section][et_pb_section fb_built=\u00bb1&#8243; admin_label=\u00bbContact form field\u00bb _builder_version=\u00bb4.16&#8243; background_color=\u00bb#f8f7fc\u00bb custom_margin=\u00bb-3px|||||\u00bb custom_padding=\u00bb1px||100px|||\u00bb global_colors_info=\u00bb{}\u00bb][et_pb_row _builder_version=\u00bb4.25.1&#8243; _module_preset=\u00bbdefault\u00bb global_colors_info=\u00bb{}\u00bb][et_pb_column type=\u00bb4_4&#8243; _builder_version=\u00bb4.25.1&#8243; _module_preset=\u00bbdefault\u00bb global_colors_info=\u00bb{}\u00bb][et_pb_text _builder_version=\u00bb4.25.1&#8243; text_font=\u00bbRoboto|600|||||||\u00bb text_font_size=\u00bb16px\u00bb text_line_height=\u00bb1.8em\u00bb header_font=\u00bbRoboto||||||||\u00bb header_2_font=\u00bbPoppins||||||||\u00bb header_2_font_size=\u00bb36px\u00bb header_2_line_height=\u00bb1.4em\u00bb text_orientation=\u00bbcenter\u00bb max_width=\u00bb700px\u00bb module_alignment=\u00bbcenter\u00bb global_colors_info=\u00bb{}\u00bb]<\/p>\n<h2><strong>Nuestras Carreras<\/strong><\/h2>\n<p>[\/et_pb_text][dsm_image_accordion _builder_version=\u00bb4.25.2&#8243; _module_preset=\u00bbdefault\u00bb global_colors_info=\u00bb{}\u00bb][dsm_image_accordion_child image_accordion_src=\u00bbhttps:\/\/blogger.googleusercontent.com\/img\/b\/R29vZ2xl\/AVvXsEjDoU2WSCdFUHP6ZclO3OBY1tNafcV3sW60eJ35WpOPiuO7ZCEJwcpO6vGLorSaZCOzTQpWxYGm7pN9pBuW8ZMooio6juaA4N-5Bt_kQ4YZr40pW7NsPYg7fo7vD1UfYGRXUijWbLPPVz9mUmpUQfa3L73NK1jCHcnH99gYh751VQQFP69DWWMjmVJTim-8\/s1800\/Administraci%C3%B3n.jpg\u00bb image_accordion_title=\u00bbADMINISTRACI\u00d3N DE EMPRESAS\u00bb show_ia_button=\u00bbon\u00bb ia_button_text=\u00bbVer m\u00e1s\u00bb ia_button_link=\u00bbhttps:\/\/www.utelvt.edu.ec\/site\/facultades\/ciencias-administrativas-y-economicas\/administracion-de-empresas\/\u00bb ia_button_link_target=\u00bb1&#8243; overlay_color=\u00bbRGBA(255,255,255,0)\u00bb _builder_version=\u00bb4.25.2&#8243; _module_preset=\u00bbdefault\u00bb title_font=\u00bb&#8211;et_global_body_font|900|||||||\u00bb custom_button=\u00bbon\u00bb button_text_color=\u00bb#FFFFFF\u00bb button_bg_color=\u00bb#009029&#8243; button_border_width=\u00bb0px\u00bb button_border_radius=\u00bb100px\u00bb button_icon=\u00bb&#xf054;||fa||900&#8243; button_on_hover=\u00bbon\u00bb button_alignment=\u00bbcenter\u00bb global_colors_info=\u00bb{}\u00bb button_bg_color__hover_enabled=\u00bbon|hover\u00bb button_bg_color__hover=\u00bb#ff0000&#8243; button_bg_enable_color__hover=\u00bbon\u00bb overlay_color__hover_enabled=\u00bbon|hover\u00bb overlay_color__hover=\u00bbrgba(0,0,0,0.7)\u00bb][\/dsm_image_accordion_child][dsm_image_accordion_child image_accordion_src=\u00bbhttps:\/\/blogger.googleusercontent.com\/img\/b\/R29vZ2xl\/AVvXsEgSDFOyQ0vGVnLeLzFyDAeLZb5ro5x8cp4NxOvCFTdd_YifInZp_-yHEnt49vp7WJLQNncJs3P-KwSHbfW-o8dOiZk2-XqBiFHPPv8l5Fa6H9eIgdWb8JTMV8z1I5_HYHmlAKqPfowucs23MlcLo0mVWJP1bkBjKY0IPds2z8XzAHsPpFJw2beW7_exZrf4\/s1800\/Contabilidad.jpg\u00bb image_accordion_title=\u00bbCONTABILIDAD Y AUDITOR\u00cdA\u00bb show_ia_button=\u00bbon\u00bb ia_button_text=\u00bbVer m\u00e1s\u00bb ia_button_link=\u00bbhttps:\/\/www.utelvt.edu.ec\/site\/facultades\/ciencias-administrativas-y-economicas\/contabilidad-y-auditoria\/\u00bb ia_button_link_target=\u00bb1&#8243; _builder_version=\u00bb4.25.2&#8243; _module_preset=\u00bbdefault\u00bb title_font=\u00bb&#8211;et_global_body_font|900|||||||\u00bb custom_button=\u00bbon\u00bb button_text_color=\u00bb#FFFFFF\u00bb button_bg_color=\u00bb#009029&#8243; button_border_width=\u00bb0px\u00bb button_border_radius=\u00bb100px\u00bb button_icon=\u00bb&#xf054;||fa||900&#8243; button_on_hover=\u00bbon\u00bb button_alignment=\u00bbcenter\u00bb global_colors_info=\u00bb{}\u00bb button_bg_color__hover_enabled=\u00bbon|hover\u00bb button_bg_color__hover=\u00bb#ff0000&#8243; button_bg_enable_color__hover=\u00bbon\u00bb overlay_color__hover_enabled=\u00bbon|hover\u00bb overlay_color__hover=\u00bbrgba(0,0,0,0.7)\u00bb][\/dsm_image_accordion_child][dsm_image_accordion_child image_accordion_src=\u00bbhttps:\/\/blogger.googleusercontent.com\/img\/b\/R29vZ2xl\/AVvXsEicWHwbNtKheHJl-yg-AF1VEEcivQ6ZK9k2ZZD3jw4RagDQx68Nn2Q_HV3bYR7gNVRXs5JrxTnTvTLbanpFxUa531FeKVWNyLY7Fy7lQLA73aNsLI2ghpJAUI8jICtJsoidL2l5dTcJKkVxdLg5sFKzMLM-TYAQRcW6WQ81UlSxj0BPkMc2NGtN2czSoNeq\/s1800\/Sistemas.jpg\u00bb image_accordion_title=\u00bbTECNOLOG\u00cdAS DE LAS INFORMACI\u00d3N\u00bb show_ia_button=\u00bbon\u00bb ia_button_text=\u00bbVer m\u00e1s\u00bb ia_button_link=\u00bbhttps:\/\/www.utelvt.edu.ec\/site\/facultades\/facultad-de-ingenierias\/tecnologias-de-la-informacion\/\u00bb ia_button_link_target=\u00bb1&#8243; _builder_version=\u00bb4.25.2&#8243; _module_preset=\u00bbdefault\u00bb title_font=\u00bb&#8211;et_global_body_font|900|||||||\u00bb custom_button=\u00bbon\u00bb button_text_color=\u00bb#FFFFFF\u00bb button_bg_color=\u00bb#009029&#8243; button_border_width=\u00bb0px\u00bb button_border_radius=\u00bb100px\u00bb button_icon=\u00bb&#xf054;||fa||900&#8243; button_on_hover=\u00bbon\u00bb button_alignment=\u00bbcenter\u00bb global_colors_info=\u00bb{}\u00bb button_bg_color__hover_enabled=\u00bbon|hover\u00bb button_bg_color__hover=\u00bb#ff0000&#8243; button_bg_enable_color__hover=\u00bbon\u00bb overlay_color__hover_enabled=\u00bbon|hover\u00bb overlay_color__hover=\u00bbrgba(0,0,0,0.7)\u00bb][\/dsm_image_accordion_child][\/dsm_image_accordion][\/et_pb_column][\/et_pb_row][\/et_pb_section]<\/p>\n","protected":false},"excerpt":{"rendered":"<p>SEDE Sede La ConcordiaLa Sede Santo Domingo de los Ts\u00e1chilas ubicada en La Concordia, trabaja desde 1994 en la formaci\u00f3n de profesionales de alto nivel con sentido de pertinencia, cr\u00edticos, propositivos y humanistas enfocados en el desarrollo sostenible de la sociedad.Nuestras Carreras[dsm_image_accordion _builder_version=\u00bb4.25.2&#8243; _module_preset=\u00bbdefault\u00bb global_colors_info=\u00bb{}\u00bb][dsm_image_accordion_child image_accordion_src=\u00bbhttps:\/\/blogger.googleusercontent.com\/img\/b\/R29vZ2xl\/AVvXsEjDoU2WSCdFUHP6ZclO3OBY1tNafcV3sW60eJ35WpOPiuO7ZCEJwcpO6vGLorSaZCOzTQpWxYGm7pN9pBuW8ZMooio6juaA4N-5Bt_kQ4YZr40pW7NsPYg7fo7vD1UfYGRXUijWbLPPVz9mUmpUQfa3L73NK1jCHcnH99gYh751VQQFP69DWWMjmVJTim-8\/s1800\/Administraci%C3%B3n.jpg\u00bb image_accordion_title=\u00bbADMINISTRACI\u00d3N DE EMPRESAS\u00bb show_ia_button=\u00bbon\u00bb ia_button_text=\u00bbVer m\u00e1s\u00bb ia_button_link=\u00bbhttps:\/\/www.utelvt.edu.ec\/site\/facultades\/ciencias-administrativas-y-economicas\/administracion-de-empresas\/\u00bb ia_button_link_target=\u00bb1&#8243; overlay_color=\u00bbRGBA(255,255,255,0)\u00bb [&hellip;]<\/p>\n","protected":false},"author":9,"featured_media":0,"parent":0,"menu_order":0,"comment_status":"closed","ping_status":"closed","template":"","meta":{"_et_pb_use_builder":"on","_et_pb_old_content":"","_et_gb_content_width":"","footnotes":""},"class_list":["post-10838","page","type-page","status-publish","hentry"],"_links":{"self":[{"href":"https:\/\/utelvt.edu.ec\/admision\/wp-json\/wp\/v2\/pages\/10838","targetHints":{"allow":["GET"]}}],"collection":[{"href":"https:\/\/utelvt.edu.ec\/admision\/wp-json\/wp\/v2\/pages"}],"about":[{"href":"https:\/\/utelvt.edu.ec\/admision\/wp-json\/wp\/v2\/types\/page"}],"author":[{"embeddable":true,"href":"https:\/\/utelvt.edu.ec\/admision\/wp-json\/wp\/v2\/users\/9"}],"replies":[{"embeddable":true,"href":"https:\/\/utelvt.edu.ec\/admision\/wp-json\/wp\/v2\/comments?post=10838"}],"version-history":[{"count":2,"href":"https:\/\/utelvt.edu.ec\/admision\/wp-json\/wp\/v2\/pages\/10838\/revisions"}],"predecessor-version":[{"id":235365,"href":"https:\/\/utelvt.edu.ec\/admision\/wp-json\/wp\/v2\/pages\/10838\/revisions\/235365"}],"wp:attachment":[{"href":"https:\/\/utelvt.edu.ec\/admision\/wp-json\/wp\/v2\/media?parent=10838"}],"curies":[{"name":"wp","href":"https:\/\/api.w.org\/{rel}","templated":true}]}}

<p>[et_pb_section fb_built=»1&#8243; custom_padding_last_edited=»off|desktop» admin_label=»Hero» _builder_version=»4.16&#8243; background_color=»#f8f7fc» background_color_gradient_direction=»60deg» custom_padding=»100px|0px|22px|||» global_colors_info=»{}»][et_pb_row _builder_version=»4.16&#8243; custom_padding=»|||» global_colors_info=»{}»][et_pb_column type=»4_4&#8243; _builder_version=»4.16&#8243; custom_padding=»|||» global_colors_info=»{}» custom_padding__hover=»|||»][et_pb_text _builder_version=»4.25.1&#8243; text_font=»Roboto|600|||||||» text_font_size=»16px» text_line_height=»1.8em» header_font=»Roboto||||||||» header_2_font=»Poppins||||||||» header_2_font_size=»36px» header_2_line_height=»1.4em» text_orientation=»center» max_width=»700px» module_alignment=»center» global_colors_info=»{}»]</p>
<h2><strong>SEDE</strong></h2>
<p>Sede La Concordia</p>
<p>[/et_pb_text][/et_pb_column][/et_pb_row][et_pb_row _builder_version=»4.16&#8243; custom_padding=»|||» global_colors_info=»{}»][et_pb_column type=»4_4&#8243; _builder_version=»4.16&#8243; custom_padding=»|||» global_colors_info=»{}» custom_padding__hover=»|||»][et_pb_text _builder_version=»4.25.2&#8243; text_font=»Roboto|600|||||||» text_font_size=»16px» text_line_height=»1.8em» header_font=»Roboto||||||||» header_2_font=»Poppins||||||||» header_2_font_size=»36px» header_2_line_height=»1.4em» text_orientation=»center» max_width=»700px» module_alignment=»center» hover_enabled=»0&#8243; global_colors_info=»{}» sticky_enabled=»0&#8243;]</p>
<p>La Sede Santo Domingo de los Tsáchilas ubicada en La Concordia, trabaja desde 1994 en la formación de profesionales de alto nivel con sentido de pertinencia, críticos, propositivos y humanistas enfocados en el desarrollo sostenible de la sociedad.</p>
<p>[/et_pb_text][/et_pb_column][/et_pb_row][/et_pb_section][et_pb_section fb_built=»1&#8243; admin_label=»Contact form field» _builder_version=»4.16&#8243; background_color=»#f8f7fc» custom_margin=»-3px|||||» custom_padding=»1px||100px|||» global_colors_info=»{}»][et_pb_row _builder_version=»4.25.1&#8243; _module_preset=»default» global_colors_info=»{}»][et_pb_column type=»4_4&#8243; _builder_version=»4.25.1&#8243; _module_preset=»default» global_colors_info=»{}»][et_pb_text _builder_version=»4.25.1&#8243; text_font=»Roboto|600|||||||» text_font_size=»16px» text_line_height=»1.8em» header_font=»Roboto||||||||» header_2_font=»Poppins||||||||» header_2_font_size=»36px» header_2_line_height=»1.4em» text_orientation=»center» max_width=»700px» module_alignment=»center» global_colors_info=»{}»]</p>
<h2><strong>Nuestras Carreras</strong></h2>
<p>[/et_pb_text][dsm_image_accordion _builder_version=»4.25.2&#8243; _module_preset=»default» global_colors_info=»{}»][dsm_image_accordion_child image_accordion_src=»https://blogger.googleusercontent.com/img/b/R29vZ2xl/AVvXsEjDoU2WSCdFUHP6ZclO3OBY1tNafcV3sW60eJ35WpOPiuO7ZCEJwcpO6vGLorSaZCOzTQpWxYGm7pN9pBuW8ZMooio6juaA4N-5Bt_kQ4YZr40pW7NsPYg7fo7vD1UfYGRXUijWbLPPVz9mUmpUQfa3L73NK1jCHcnH99gYh751VQQFP69DWWMjmVJTim-8/s1800/Administraci%C3%B3n.jpg» image_accordion_title=»ADMINISTRACIÓN DE EMPRESAS» show_ia_button=»on» ia_button_text=»Ver más» ia_button_link=»https://www.utelvt.edu.ec/site/facultades/ciencias-administrativas-y-economicas/administracion-de-empresas/» ia_button_link_target=»1&#8243; overlay_color=»RGBA(255,255,255,0)» _builder_version=»4.25.2&#8243; _module_preset=»default» title_font=»&#8211;et_global_body_font|900|||||||» custom_button=»on» button_text_color=»#FFFFFF» button_bg_color=»#009029&#8243; button_border_width=»0px» button_border_radius=»100px» button_icon=»&#xf054;||fa||900&#8243; button_on_hover=»on» button_alignment=»center» global_colors_info=»{}» button_bg_color__hover_enabled=»on|hover» button_bg_color__hover=»#ff0000&#8243; button_bg_enable_color__hover=»on» overlay_color__hover_enabled=»on|hover» overlay_color__hover=»rgba(0,0,0,0.7)»][/dsm_image_accordion_child][dsm_image_accordion_child image_accordion_src=»https://blogger.googleusercontent.com/img/b/R29vZ2xl/AVvXsEgSDFOyQ0vGVnLeLzFyDAeLZb5ro5x8cp4NxOvCFTdd_YifInZp_-yHEnt49vp7WJLQNncJs3P-KwSHbfW-o8dOiZk2-XqBiFHPPv8l5Fa6H9eIgdWb8JTMV8z1I5_HYHmlAKqPfowucs23MlcLo0mVWJP1bkBjKY0IPds2z8XzAHsPpFJw2beW7_exZrf4/s1800/Contabilidad.jpg» image_accordion_title=»CONTABILIDAD Y AUDITORÍA» show_ia_button=»on» ia_button_text=»Ver más» ia_button_link=»https://www.utelvt.edu.ec/site/facultades/ciencias-administrativas-y-economicas/contabilidad-y-auditoria/» ia_button_link_target=»1&#8243; _builder_version=»4.25.2&#8243; _module_preset=»default» title_font=»&#8211;et_global_body_font|900|||||||» custom_button=»on» button_text_color=»#FFFFFF» button_bg_color=»#009029&#8243; button_border_width=»0px» button_border_radius=»100px» button_icon=»&#xf054;||fa||900&#8243; button_on_hover=»on» button_alignment=»center» global_colors_info=»{}» button_bg_color__hover_enabled=»on|hover» button_bg_color__hover=»#ff0000&#8243; button_bg_enable_color__hover=»on» overlay_color__hover_enabled=»on|hover» overlay_color__hover=»rgba(0,0,0,0.7)»][/dsm_image_accordion_child][dsm_image_accordion_child image_accordion_src=»https://blogger.googleusercontent.com/img/b/R29vZ2xl/AVvXsEicWHwbNtKheHJl-yg-AF1VEEcivQ6ZK9k2ZZD3jw4RagDQx68Nn2Q_HV3bYR7gNVRXs5JrxTnTvTLbanpFxUa531FeKVWNyLY7Fy7lQLA73aNsLI2ghpJAUI8jICtJsoidL2l5dTcJKkVxdLg5sFKzMLM-TYAQRcW6WQ81UlSxj0BPkMc2NGtN2czSoNeq/s1800/Sistemas.jpg» image_accordion_title=»TECNOLOGÍAS DE LAS INFORMACIÓN» show_ia_button=»on» ia_button_text=»Ver más» ia_button_link=»https://www.utelvt.edu.ec/site/facultades/facultad-de-ingenierias/tecnologias-de-la-informacion/» ia_button_link_target=»1&#8243; _builder_version=»4.25.2&#8243; _module_preset=»default» title_font=»&#8211;et_global_body_font|900|||||||» custom_button=»on» button_text_color=»#FFFFFF» button_bg_color=»#009029&#8243; button_border_width=»0px» button_border_radius=»100px» button_icon=»&#xf054;||fa||900&#8243; button_on_hover=»on» button_alignment=»center» global_colors_info=»{}» button_bg_color__hover_enabled=»on|hover» button_bg_color__hover=»#ff0000&#8243; button_bg_enable_color__hover=»on» overlay_color__hover_enabled=»on|hover» overlay_color__hover=»rgba(0,0,0,0.7)»][/dsm_image_accordion_child][/dsm_image_accordion][/et_pb_column][/et_pb_row][/et_pb_section]</p>

<p>SEDE Sede La ConcordiaLa Sede Santo Domingo de los Tsáchilas ubicada en La Concordia, trabaja desde 1994 en la formación de profesionales de alto nivel con sentido de pertinencia, críticos, propositivos y humanistas enfocados en el desarrollo sostenible de la sociedad.Nuestras Carreras[dsm_image_accordion _builder_version=»4.25.2&#8243; _module_preset=»default» global_colors_info=»{}»][dsm_image_accordion_child image_accordion_src=»https://blogger.googleusercontent.com/img/b/R29vZ2xl/AVvXsEjDoU2WSCdFUHP6ZclO3OBY1tNafcV3sW60eJ35WpOPiuO7ZCEJwcpO6vGLorSaZCOzTQpWxYGm7pN9pBuW8ZMooio6juaA4N-5Bt_kQ4YZr40pW7NsPYg7fo7vD1UfYGRXUijWbLPPVz9mUmpUQfa3L73NK1jCHcnH99gYh751VQQFP69DWWMjmVJTim-8/s1800/Administraci%C3%B3n.jpg» image_accordion_title=»ADMINISTRACIÓN DE EMPRESAS» show_ia_button=»on» ia_button_text=»Ver más» ia_button_link=»https://www.utelvt.edu.ec/site/facultades/ciencias-administrativas-y-economicas/administracion-de-empresas/» ia_button_link_target=»1&#8243; overlay_color=»RGBA(255,255,255,0)» [&hellip;]</p>
